Last updated on 2023-03-20 00:54:44 CET.
Flavor | Version | Tinstall | Tcheck | Ttotal | Status | Flags |
---|---|---|---|---|---|---|
r-devel-linux-x86_64-debian-clang | 1.1.0 | OK | ||||
r-devel-linux-x86_64-debian-gcc | 1.1.0 | 37.23 | 299.97 | 337.20 | OK | |
r-devel-linux-x86_64-fedora-clang | 1.1.0 | 593.21 | NOTE | |||
r-devel-linux-x86_64-fedora-gcc | 1.1.0 | 587.79 | OK | |||
r-devel-windows-x86_64 | 1.1.0 | 461.00 | 412.00 | 873.00 | NOTE | |
r-patched-linux-x86_64 | 1.1.0 | 42.16 | 368.42 | 410.58 | OK | |
r-release-linux-x86_64 | 1.1.0 | 42.51 | 377.30 | 419.81 | OK | |
r-release-macos-arm64 | 1.1.0 | 133.00 | NOTE | |||
r-release-macos-x86_64 | 1.1.0 | 228.00 | NOTE | |||
r-release-windows-x86_64 | 1.1.0 | 199.00 | 417.00 | 616.00 | NOTE | |
r-oldrel-macos-arm64 | 1.1.0 | 199.00 | NOTE | |||
r-oldrel-macos-x86_64 | 1.1.0 | 272.00 | NOTE | |||
r-oldrel-windows-ix86+x86_64 | 1.1.0 | 91.00 | 381.00 | 472.00 | NOTE |
Version: 1.1.0
Check: installed package size
Result: NOTE
installed size is 9.5Mb
sub-directories of 1Mb or more:
extdata 8.7Mb
Flavors: r-devel-linux-x86_64-fedora-clang, r-devel-windows-x86_64, r-release-macos-arm64, r-release-macos-x86_64, r-release-windows-x86_64, r-oldrel-macos-arm64, r-oldrel-macos-x86_64, r-oldrel-windows-ix86+x86_64