CRAN Package Check Results for Package VBTree

Last updated on 2021-10-18 00:48:32 CEST.

Flavor Version Tinstall Tcheck Ttotal Status Flags
r-devel-linux-x86_64-debian-clang 0.1.0 2.58 29.32 31.90 NOTE
r-devel-linux-x86_64-debian-gcc 0.1.0 2.23 22.74 24.97 NOTE
r-devel-linux-x86_64-fedora-clang 0.1.0 49.31 OK
r-devel-linux-x86_64-fedora-gcc 0.1.0 39.30 OK
r-devel-windows-x86_64 0.1.0 5.00 47.00 52.00 NOTE
r-devel-windows-x86_64-gcc10-UCRT 0.1.0 OK
r-patched-linux-x86_64 0.1.0 2.96 28.31 31.27 NOTE
r-patched-solaris-x86 0.1.0 58.60 OK
r-release-linux-x86_64 0.1.0 2.48 28.10 30.58 NOTE
r-release-macos-arm64 0.1.0 OK
r-release-macos-x86_64 0.1.0 OK
r-release-windows-ix86+x86_64 0.1.0 6.00 48.00 54.00 NOTE
r-oldrel-macos-x86_64 0.1.0 OK
r-oldrel-windows-ix86+x86_64 0.1.0 6.00 53.00 59.00 NOTE

Check Details

Version: 0.1.0
Check: package vignettes
Result: NOTE
    Package vignette with placeholder title 'Vignette Title':
     'VBTree_vignette.Rmd'
Flavors: r-devel-linux-x86_64-debian-clang, r-devel-linux-x86_64-debian-gcc, r-devel-windows-x86_64, r-patched-linux-x86_64, r-release-linux-x86_64, r-release-windows-ix86+x86_64, r-oldrel-windows-ix86+x86_64