CRAN Package Check Results for Package VIRF

Last updated on 2021-12-07 00:49:36 CET.

Flavor Version Tinstall Tcheck Ttotal Status Flags
r-devel-linux-x86_64-debian-clang 0.1.0 13.60 124.84 138.44 NOTE
r-devel-linux-x86_64-debian-gcc 0.1.0 12.49 100.09 112.58 NOTE
r-devel-linux-x86_64-fedora-clang 0.1.0 172.61 NOTE
r-devel-linux-x86_64-fedora-gcc 0.1.0 160.85 NOTE
r-devel-windows-x86_64-new-UL 0.1.0 25.00 158.00 183.00 NOTE
r-devel-windows-x86_64-new-TK 0.1.0 NOTE
r-devel-windows-x86_64-old 0.1.0 21.00 104.00 125.00 NOTE
r-patched-linux-x86_64 0.1.0 12.49 113.46 125.95 NOTE
r-release-linux-x86_64 0.1.0 13.96 121.51 135.47 NOTE
r-release-macos-arm64 0.1.0 NOTE
r-release-macos-x86_64 0.1.0 NOTE
r-release-windows-ix86+x86_64 0.1.0 31.00 140.00 171.00 NOTE
r-oldrel-macos-x86_64 0.1.0 OK
r-oldrel-windows-ix86+x86_64 0.1.0 35.00 143.00 178.00 OK

Check Details

Version: 0.1.0
Check: LazyData
Result: NOTE
     'LazyData' is specified without a 'data' directory
Flavors: r-devel-linux-x86_64-debian-clang, r-devel-linux-x86_64-debian-gcc, r-devel-linux-x86_64-fedora-clang, r-devel-linux-x86_64-fedora-gcc, r-devel-windows-x86_64-new-UL, r-devel-windows-x86_64-new-TK, r-devel-windows-x86_64-old, r-patched-linux-x86_64, r-release-linux-x86_64, r-release-macos-arm64, r-release-macos-x86_64, r-release-windows-ix86+x86_64