CRAN Package Check Results for Package Vdgraph

Last updated on 2021-12-08 00:49:36 CET.

Flavor Version Tinstall Tcheck Ttotal Status Flags
r-devel-linux-x86_64-debian-clang 2.2-2 5.35 44.59 49.94 NOTE
r-devel-linux-x86_64-debian-gcc 2.2-2 3.86 34.45 38.31 NOTE
r-devel-linux-x86_64-fedora-clang 2.2-2 63.20 NOTE
r-devel-linux-x86_64-fedora-gcc 2.2-2 51.97 NOTE
r-devel-windows-x86_64-new-UL 2.2-2 13.00 71.00 84.00 NOTE
r-devel-windows-x86_64-new-TK 2.2-2 NOTE
r-devel-windows-x86_64-old 2.2-2 9.00 57.00 66.00 NOTE
r-patched-linux-x86_64 2.2-2 5.43 43.37 48.80 NOTE
r-release-linux-x86_64 2.2-2 5.61 42.74 48.35 NOTE
r-release-macos-arm64 2.2-2 NOTE
r-release-macos-x86_64 2.2-2 NOTE
r-release-windows-ix86+x86_64 2.2-2 12.00 61.00 73.00 NOTE
r-oldrel-macos-x86_64 2.2-2 NOTE
r-oldrel-windows-ix86+x86_64 2.2-2 11.00 59.00 70.00 NOTE

Check Details

Version: 2.2-2
Check: R code for possible problems
Result: NOTE
    Compare2FDS: no visible global function definition for 'runif'
    Compare2FDS: no visible global function definition for 'lm'
    Compare2FDS: no visible global function definition for 'model.matrix'
    Compare2FDS: no visible global function definition for 'abline'
    Compare2FDS: no visible global function definition for 'lines'
    Compare2FDS: no visible global function definition for 'text'
    Compare2Vdg: no visible global function definition for 'par'
    Compare2Vdg: no visible global function definition for 'lines'
    Compare2Vdg: no visible global function definition for 'legend'
    FDSPlot: no visible global function definition for 'runif'
    FDSPlot: no visible global function definition for 'lm'
    FDSPlot: no visible global function definition for 'model.matrix'
    FDSPlot: no visible global function definition for 'abline'
    Vdgraph: no visible global function definition for 'par'
    Vdgraph: no visible global function definition for 'lines'
    Vdgraph: no visible global function definition for 'legend'
    Undefined global functions or variables:
     abline legend lines lm model.matrix par runif text
    Consider adding
     importFrom("graphics", "abline", "legend", "lines", "par", "text")
     importFrom("stats", "lm", "model.matrix", "runif")
    to your NAMESPACE file.
Flavors: r-devel-linux-x86_64-debian-clang, r-devel-linux-x86_64-debian-gcc, r-devel-linux-x86_64-fedora-clang, r-devel-linux-x86_64-fedora-gcc, r-devel-windows-x86_64-new-UL, r-devel-windows-x86_64-new-TK, r-devel-windows-x86_64-old, r-patched-linux-x86_64, r-release-linux-x86_64, r-release-macos-arm64, r-release-macos-x86_64, r-release-windows-ix86+x86_64, r-oldrel-macos-x86_64, r-oldrel-windows-ix86+x86_64

Version: 2.2-2
Check: compiled code
Result: NOTE
    File ‘Vdgraph/libs/Vdgraph.so’:
     Found no calls to: ‘R_registerRoutines’, ‘R_useDynamicSymbols’
    
    It is good practice to register native routines and to disable symbol
    search.
    
    See ‘Writing portable packages’ in the ‘Writing R Extensions’ manual.
Flavors: r-devel-linux-x86_64-fedora-clang, r-devel-linux-x86_64-fedora-gcc