CRAN Package Check Results for Package VecStatGraphs3D

Last updated on 2021-10-20 00:49:59 CEST.

Flavor Version Tinstall Tcheck Ttotal Status Flags
r-devel-linux-x86_64-debian-clang 1.6 5.38 44.25 49.63 NOTE
r-devel-linux-x86_64-debian-gcc 1.6 4.11 35.56 39.67 NOTE
r-devel-linux-x86_64-fedora-clang 1.6 74.97 NOTE
r-devel-linux-x86_64-fedora-gcc 1.6 62.73 NOTE
r-devel-windows-x86_64 1.6 8.00 60.00 68.00 NOTE
r-devel-windows-x86_64-gcc10-UCRT 1.6 NOTE
r-patched-linux-x86_64 1.6 6.07 43.89 49.96 NOTE
r-patched-solaris-x86 1.6 87.40 NOTE
r-release-linux-x86_64 1.6 4.92 44.74 49.66 NOTE
r-release-macos-arm64 1.6 NOTE
r-release-macos-x86_64 1.6 NOTE
r-release-windows-ix86+x86_64 1.6 7.00 62.00 69.00 NOTE
r-oldrel-macos-x86_64 1.6 NOTE
r-oldrel-windows-ix86+x86_64 1.6 11.00 64.00 75.00 NOTE

Check Details

Version: 1.6
Check: R code for possible problems
Result: NOTE
    DrawDensity3D: no visible global function definition for 'colorRamp'
    DrawDensity3D: no visible global function definition for 'rgb'
    ReadFromFile3D: no visible global function definition for 'read.table'
    Undefined global functions or variables:
     colorRamp read.table rgb
    Consider adding
     importFrom("grDevices", "colorRamp", "rgb")
     importFrom("utils", "read.table")
    to your NAMESPACE file.
Flavors: r-devel-linux-x86_64-debian-clang, r-devel-linux-x86_64-debian-gcc, r-devel-linux-x86_64-fedora-clang, r-devel-linux-x86_64-fedora-gcc, r-devel-windows-x86_64, r-devel-windows-x86_64-gcc10-UCRT, r-patched-linux-x86_64, r-patched-solaris-x86, r-release-linux-x86_64, r-release-macos-arm64, r-release-macos-x86_64, r-release-windows-ix86+x86_64, r-oldrel-macos-x86_64, r-oldrel-windows-ix86+x86_64