CRAN Package Check Results for Package VeryLargeIntegers

Last updated on 2025-04-30 00:50:04 CEST.

Flavor Version Tinstall Tcheck Ttotal Status Flags
r-devel-linux-x86_64-debian-clang 0.2.1 16.47 45.13 61.60 NOTE
r-devel-linux-x86_64-debian-gcc 0.2.1 13.19 33.05 46.24 NOTE
r-devel-linux-x86_64-fedora-clang 0.2.1 104.85 OK
r-devel-linux-x86_64-fedora-gcc 0.2.1 108.41 OK
r-devel-windows-x86_64 0.2.1 20.00 85.00 105.00 OK
r-patched-linux-x86_64 0.2.1 18.04 44.46 62.50 OK
r-release-linux-x86_64 0.2.1 18.03 44.54 62.57 OK
r-release-macos-arm64 0.2.1 29.00 OK
r-release-macos-x86_64 0.2.1 57.00 OK
r-release-windows-x86_64 0.2.1 19.00 84.00 103.00 OK
r-oldrel-macos-arm64 0.2.1 30.00 OK
r-oldrel-macos-x86_64 0.2.1 49.00 OK
r-oldrel-windows-x86_64 0.2.1 19.00 116.00 135.00 OK

Check Details

Version: 0.2.1
Check: CRAN incoming feasibility
Result: NOTE Maintainer: ‘Javier Leiva Cuadrado <jleivacuadrado@gmail.com>’ No Authors@R field in DESCRIPTION. Please add one, modifying Authors@R: person(given = c("Javier", "Leiva"), family = "Cuadrado", role = c("aut", "cre"), email = "jleivacuadrado@gmail.com") as necessary. Flavors: r-devel-linux-x86_64-debian-clang, r-devel-linux-x86_64-debian-gcc