CRAN Package Check Results for Package ViSiElse

Last updated on 2021-10-19 00:49:35 CEST.

Flavor Version Tinstall Tcheck Ttotal Status Flags
r-devel-linux-x86_64-debian-clang 1.2.2 12.34 174.02 186.36 OK
r-devel-linux-x86_64-debian-gcc 1.2.2 11.36 130.38 141.74 OK
r-devel-linux-x86_64-fedora-clang 1.2.2 235.71 NOTE
r-devel-linux-x86_64-fedora-gcc 1.2.2 219.28 NOTE
r-devel-windows-x86_64 1.2.2 21.00 202.00 223.00 OK
r-devel-windows-x86_64-gcc10-UCRT 1.2.2 NOTE
r-patched-linux-x86_64 1.2.2 13.32 173.58 186.90 OK
r-patched-solaris-x86 1.2.2 291.20 NOTE
r-release-linux-x86_64 1.2.2 13.80 174.55 188.35 OK
r-release-macos-arm64 1.2.2 NOTE
r-release-macos-x86_64 1.2.2 NOTE
r-release-windows-ix86+x86_64 1.2.2 20.00 211.00 231.00 OK
r-oldrel-macos-x86_64 1.2.2 NOTE
r-oldrel-windows-ix86+x86_64 1.2.2 28.00 214.00 242.00 OK

Check Details

Version: 1.2.2
Check: dependencies in R code
Result: NOTE
    Namespaces in Imports field not imported from:
     ‘ggplot2’ ‘reshape2’
     All declared Imports should be used.
Flavors: r-devel-linux-x86_64-fedora-clang, r-devel-linux-x86_64-fedora-gcc, r-devel-windows-x86_64-gcc10-UCRT, r-patched-solaris-x86, r-release-macos-arm64, r-release-macos-x86_64, r-oldrel-macos-x86_64