CRAN Package Check Results for Package ViSiElse

Last updated on 2024-07-22 00:50:52 CEST.

Flavor Version Tinstall Tcheck Ttotal Status Flags
r-devel-linux-x86_64-debian-clang 1.2.2 12.85 207.10 219.95 NOTE
r-devel-linux-x86_64-debian-gcc 1.2.2 12.30 155.14 167.44 NOTE
r-devel-linux-x86_64-fedora-clang 1.2.2 275.57 NOTE
r-devel-linux-x86_64-fedora-gcc 1.2.2 271.24 NOTE
r-devel-windows-x86_64 1.2.2 15.00 140.00 155.00 NOTE
r-patched-linux-x86_64 1.2.2 15.74 194.91 210.65 NOTE
r-release-linux-x86_64 1.2.2 13.43 195.55 208.98 NOTE
r-release-macos-arm64 1.2.2 72.00 NOTE
r-release-macos-x86_64 1.2.2 115.00 NOTE
r-release-windows-x86_64 1.2.2 14.00 140.00 154.00 NOTE
r-oldrel-macos-arm64 1.2.2 80.00 NOTE
r-oldrel-macos-x86_64 1.2.2 140.00 NOTE
r-oldrel-windows-x86_64 1.2.2 18.00 177.00 195.00 NOTE

Check Details

Version: 1.2.2
Check: package subdirectories
Result: NOTE Problems with news in ‘NEWS.md’: No news entries found. Flavors: r-devel-linux-x86_64-debian-clang, r-devel-linux-x86_64-debian-gcc, r-devel-linux-x86_64-fedora-clang, r-devel-linux-x86_64-fedora-gcc, r-devel-windows-x86_64, r-patched-linux-x86_64, r-release-linux-x86_64, r-release-macos-arm64, r-release-macos-x86_64, r-release-windows-x86_64, r-oldrel-macos-arm64, r-oldrel-macos-x86_64, r-oldrel-windows-x86_64

Version: 1.2.2
Check: Rd files
Result: NOTE checkRd: (-1) ViSiElse.Rd:101-107: Lost braces in \itemize; meant \describe ? checkRd: (-1) ViSiElse.Rd:102: Lost braces in \itemize; meant \describe ? checkRd: (-1) ViSiElse.Rd:103: Lost braces in \itemize; meant \describe ? checkRd: (-1) ViSiElse.Rd:104: Lost braces in \itemize; meant \describe ? checkRd: (-1) ViSiElse.Rd:105-106: Lost braces in \itemize; meant \describe ? checkRd: (-1) ViSiElse.Rd:108-127: Lost braces in \itemize; meant \describe ? checkRd: (-1) ViSiElse.Rd:112-113: Lost braces in \itemize; meant \describe ? checkRd: (-1) ViSiElse.Rd:114-115: Lost braces in \itemize; meant \describe ? checkRd: (-1) ViSiElse.Rd:116: Lost braces in \itemize; meant \describe ? checkRd: (-1) ViSiElse.Rd:128-134: Lost braces in \itemize; meant \describe ? checkRd: (-1) ViSiElse.Rd:135-147: Lost braces in \itemize; meant \describe ? checkRd: (-1) ViSiElse.Rd:148-157: Lost braces in \itemize; meant \describe ? checkRd: (-1) ViSiElse.Rd:152-153: Lost braces in \itemize; meant \describe ? checkRd: (-1) ViSiElse.Rd:154-155: Lost braces in \itemize; meant \describe ? checkRd: (-1) ViSibook-class.Rd:24: Lost braces in \itemize; meant \describe ? checkRd: (-1) ViSibook-class.Rd:25: Lost braces in \itemize; meant \describe ? checkRd: (-1) ViSibook-class.Rd:29: Lost braces in \itemize; meant \describe ? checkRd: (-1) ViSibook-class.Rd:30: Lost braces in \itemize; meant \describe ? checkRd: (-1) dim-ViSibook-methods.Rd:16: Lost braces in \itemize; \value handles \item{}{} directly checkRd: (-1) dim-ViSibook-methods.Rd:17-18: Lost braces in \itemize; \value handles \item{}{} directly checkRd: (-1) summary-ViSigrid-methods.Rd:16: Lost braces in \itemize; \value handles \item{}{} directly checkRd: (-1) summary-ViSigrid-methods.Rd:17: Lost braces in \itemize; \value handles \item{}{} directly Flavors: r-devel-linux-x86_64-debian-clang, r-devel-linux-x86_64-debian-gcc, r-devel-linux-x86_64-fedora-clang, r-devel-linux-x86_64-fedora-gcc, r-devel-windows-x86_64, r-patched-linux-x86_64, r-release-linux-x86_64, r-release-macos-arm64, r-release-macos-x86_64, r-release-windows-x86_64

Version: 1.2.2
Check: dependencies in R code
Result: NOTE Namespaces in Imports field not imported from: ‘ggplot2’ ‘reshape2’ All declared Imports should be used. Flavors: r-devel-linux-x86_64-fedora-clang, r-devel-linux-x86_64-fedora-gcc