CRAN Package Check Results for Package WDI

Last updated on 2021-10-21 00:50:04 CEST.

Flavor Version Tinstall Tcheck Ttotal Status Flags
r-devel-linux-x86_64-debian-clang 2.7.4 2.26 25.91 28.17 OK
r-devel-linux-x86_64-debian-gcc 2.7.4 2.06 20.74 22.80 OK
r-devel-linux-x86_64-fedora-clang 2.7.4 46.54 NOTE
r-devel-linux-x86_64-fedora-gcc 2.7.4 35.26 NOTE
r-devel-windows-x86_64 2.7.4 5.00 41.00 46.00 OK
r-devel-windows-x86_64-gcc10-UCRT 2.7.4 NOTE
r-patched-linux-x86_64 2.7.4 2.43 24.98 27.41 OK
r-patched-solaris-x86 2.7.4 57.30 NOTE
r-release-linux-x86_64 2.7.4 2.46 25.62 28.08 OK
r-release-macos-arm64 2.7.4 NOTE
r-release-macos-x86_64 2.7.4 NOTE
r-release-windows-ix86+x86_64 2.7.4 5.00 47.00 52.00 OK
r-oldrel-macos-x86_64 2.7.4 NOTE
r-oldrel-windows-ix86+x86_64 2.7.4 7.00 45.00 52.00 OK

Check Details

Version: 2.7.4
Check: data for non-ASCII characters
Result: NOTE
     Note: found 1537 marked UTF-8 strings
Flavors: r-devel-linux-x86_64-fedora-clang, r-devel-linux-x86_64-fedora-gcc, r-devel-windows-x86_64-gcc10-UCRT, r-patched-solaris-x86, r-release-macos-arm64, r-release-macos-x86_64, r-oldrel-macos-x86_64