CRAN Package Check Results for Package WEGE

Last updated on 2024-04-22 00:53:39 CEST.

Flavor Version Tinstall Tcheck Ttotal Status Flags
r-devel-linux-x86_64-debian-clang 0.1.0 30.67 301.92 332.59 NOTE
r-devel-linux-x86_64-debian-gcc 0.1.0 27.29 213.40 240.69 NOTE
r-devel-linux-x86_64-fedora-clang 0.1.0 404.18 NOTE
r-devel-linux-x86_64-fedora-gcc 0.1.0 382.89 NOTE
r-prerel-macos-arm64 0.1.0 81.00 NOTE
r-prerel-windows-x86_64 0.1.0 24.00 176.00 200.00 NOTE
r-patched-linux-x86_64 0.1.0 32.19 281.16 313.35 NOTE
r-release-linux-x86_64 0.1.0 29.86 288.57 318.43 NOTE
r-release-macos-arm64 0.1.0 90.00 NOTE
r-release-macos-x86_64 0.1.0 180.00 NOTE
r-release-windows-x86_64 0.1.0 34.00 241.00 275.00 NOTE
r-oldrel-macos-arm64 0.1.0 69.00 NOTE
r-oldrel-windows-x86_64 0.1.0 35.00 234.00 269.00 NOTE

Check Details

Version: 0.1.0
Check: LazyData
Result: NOTE 'LazyData' is specified without a 'data' directory Flavors: r-devel-linux-x86_64-debian-clang, r-devel-linux-x86_64-debian-gcc, r-devel-linux-x86_64-fedora-clang, r-devel-linux-x86_64-fedora-gcc, r-prerel-macos-arm64, r-prerel-windows-x86_64, r-patched-linux-x86_64, r-release-linux-x86_64, r-release-macos-arm64, r-release-macos-x86_64, r-release-windows-x86_64, r-oldrel-macos-arm64, r-oldrel-windows-x86_64