Last updated on 2023-09-22 00:53:33 CEST.
Flavor | Version | Tinstall | Tcheck | Ttotal | Status | Flags |
---|---|---|---|---|---|---|
r-devel-linux-x86_64-debian-clang | 1.72-1 | 82.35 | 492.19 | 574.54 | NOTE | |
r-devel-linux-x86_64-debian-gcc | 1.72-1 | 64.24 | 355.43 | 419.67 | NOTE | |
r-devel-linux-x86_64-fedora-clang | 1.72-1 | 694.30 | NOTE | |||
r-devel-linux-x86_64-fedora-gcc | 1.72-1 | 707.05 | NOTE | |||
r-devel-windows-x86_64 | 1.72-1 | 68.00 | 402.00 | 470.00 | NOTE | |
r-patched-linux-x86_64 | 1.72-1 | 96.00 | 463.21 | 559.21 | OK | |
r-release-linux-x86_64 | 1.72-1 | 63.57 | 462.44 | 526.01 | OK | |
r-release-macos-arm64 | 1.72-1 | 167.00 | NOTE | |||
r-release-macos-x86_64 | 1.72-1 | 309.00 | NOTE | |||
r-release-windows-x86_64 | 1.72-1 | 91.00 | 650.00 | 741.00 | OK | |
r-oldrel-macos-arm64 | 1.72-1 | 126.00 | NOTE | |||
r-oldrel-macos-x86_64 | 1.72-1 | 204.00 | OK | |||
r-oldrel-windows-x86_64 | 1.72-1 | 91.00 | 465.00 | 556.00 | OK |
Version: 1.72-1
Check: Rd contents
Result: NOTE
Argument items with no description in Rd object 'sampledHierarchicalConsensusModules':
‘consensusTOMFilePattern’
Flavors: r-devel-linux-x86_64-debian-clang, r-devel-linux-x86_64-debian-gcc, r-devel-linux-x86_64-fedora-clang, r-devel-linux-x86_64-fedora-gcc, r-devel-windows-x86_64
Version: 1.72-1
Check: package dependencies
Result: NOTE
Package suggested but not available for checking: ‘org.Mm.eg.db’
Flavor: r-release-macos-arm64
Version: 1.72-1
Check: installed package size
Result: NOTE
installed size is 5.3Mb
sub-directories of 1Mb or more:
R 2.1Mb
libs 1.5Mb
Flavors: r-release-macos-arm64, r-release-macos-x86_64, r-oldrel-macos-arm64
Version: 1.72-1
Check: package dependencies
Result: NOTE
Packages suggested but not available for checking: 'org.Mm.eg.db', 'minet'
Flavor: r-release-macos-x86_64