CRAN Package Check Results for Package WPKDE

Last updated on 2021-10-17 00:48:55 CEST.

Flavor Version Tinstall Tcheck Ttotal Status Flags
r-devel-linux-x86_64-debian-clang 0.1 3.65 34.55 38.20 NOTE
r-devel-linux-x86_64-debian-gcc 0.1 3.24 27.11 30.35 NOTE
r-devel-linux-x86_64-fedora-clang 0.1 57.97 NOTE
r-devel-linux-x86_64-fedora-gcc 0.1 46.69 NOTE
r-devel-windows-x86_64 0.1 6.00 42.00 48.00 NOTE
r-devel-windows-x86_64-gcc10-UCRT 0.1 NOTE
r-patched-linux-x86_64 0.1 3.27 33.84 37.11 NOTE
r-patched-solaris-x86 0.1 71.20 NOTE
r-release-linux-x86_64 0.1 3.18 33.73 36.91 NOTE
r-release-macos-arm64 0.1 NOTE
r-release-macos-x86_64 0.1 NOTE
r-release-windows-ix86+x86_64 0.1 9.00 79.00 88.00 NOTE
r-oldrel-macos-x86_64 0.1 OK
r-oldrel-windows-ix86+x86_64 0.1 8.00 81.00 89.00 OK

Check Details

Version: 0.1
Check: LazyData
Result: NOTE
     'LazyData' is specified without a 'data' directory
Flavors: r-devel-linux-x86_64-debian-clang, r-devel-linux-x86_64-debian-gcc, r-devel-linux-x86_64-fedora-clang, r-devel-linux-x86_64-fedora-gcc, r-devel-windows-x86_64, r-devel-windows-x86_64-gcc10-UCRT, r-patched-linux-x86_64, r-patched-solaris-x86, r-release-linux-x86_64, r-release-macos-arm64, r-release-macos-x86_64, r-release-windows-ix86+x86_64