Last updated on 2023-09-30 00:56:22 CEST.
Flavor | Version | Tinstall | Tcheck | Ttotal | Status | Flags |
---|---|---|---|---|---|---|
r-devel-linux-x86_64-debian-clang | 0.2.0 | 65.56 | 106.45 | 172.01 | OK | |
r-devel-linux-x86_64-debian-gcc | 0.2.0 | 42.73 | 79.51 | 122.24 | OK | |
r-devel-linux-x86_64-fedora-clang | 0.2.0 | 237.56 | NOTE | |||
r-devel-linux-x86_64-fedora-gcc | 0.2.0 | 253.96 | NOTE | |||
r-devel-windows-x86_64 | 0.2.0 | 49.00 | 121.00 | 170.00 | OK | |
r-patched-linux-x86_64 | 0.2.0 | 60.23 | 99.98 | 160.21 | OK | |
r-release-linux-x86_64 | 0.2.0 | 50.22 | 101.92 | 152.14 | OK | |
r-release-macos-arm64 | 0.2.0 | 78.00 | OK | |||
r-release-macos-x86_64 | 0.2.0 | 109.00 | OK | |||
r-release-windows-x86_64 | 0.2.0 | 64.00 | 142.00 | 206.00 | OK | |
r-oldrel-macos-arm64 | 0.2.0 | 66.00 | NOTE | |||
r-oldrel-macos-x86_64 | 0.2.0 | 81.00 | NOTE | |||
r-oldrel-windows-x86_64 | 0.2.0 | 61.00 | 133.00 | 194.00 | OK |
Version: 0.2.0
Check: dependencies in R code
Result: NOTE
Namespaces in Imports field not imported from:
‘fdadensity’ ‘locfit’ ‘locpol’ ‘modeest’
All declared Imports should be used.
Flavors: r-devel-linux-x86_64-fedora-clang, r-devel-linux-x86_64-fedora-gcc, r-oldrel-macos-arm64, r-oldrel-macos-x86_64