CRAN Package Check Results for Package WhiteStripe

Last updated on 2024-07-16 00:56:15 CEST.

Flavor Version Tinstall Tcheck Ttotal Status Flags
r-devel-linux-x86_64-debian-clang 2.4.3 17.30 152.73 170.03 OK
r-devel-linux-x86_64-debian-gcc 2.4.3 10.93 121.95 132.88 OK
r-devel-linux-x86_64-fedora-clang 2.4.3 203.75 OK
r-devel-linux-x86_64-fedora-gcc 2.4.3 220.38 OK
r-devel-windows-x86_64 2.4.3 13.00 142.00 155.00 NOTE
r-patched-linux-x86_64 2.4.3 17.47 155.54 173.01 OK
r-release-linux-x86_64 2.4.3 14.13 155.93 170.06 OK
r-release-macos-arm64 2.4.3 87.00 OK
r-release-macos-x86_64 2.4.3 140.00 OK
r-release-windows-x86_64 2.4.3 13.00 142.00 155.00 OK
r-oldrel-macos-arm64 2.4.3 88.00 OK
r-oldrel-macos-x86_64 2.4.3 191.00 OK
r-oldrel-windows-x86_64 2.4.3 17.00 167.00 184.00 OK

Check Details

Version: 2.4.3
Check: Rd cross-references
Result: NOTE Found the following Rd file(s) with Rd \link{} targets missing package anchors: download_img_data.Rd: img_data smooth_hist.Rd: gam whitestripe_ind_to_mask.Rd: writeNIfTI Please provide package anchors for all Rd \link{} targets not in the package itself and the base packages. Flavor: r-devel-windows-x86_64