Last updated on 2023-10-04 00:58:41 CEST.
Flavor | Version | Tinstall | Tcheck | Ttotal | Status | Flags |
---|---|---|---|---|---|---|
r-devel-linux-x86_64-debian-clang | 1.13-2 | 5.33 | 36.61 | 41.94 | OK | |
r-devel-linux-x86_64-debian-gcc | 1.13-2 | 3.03 | 27.60 | 30.63 | OK | |
r-devel-linux-x86_64-fedora-clang | 1.13-2 | 49.10 | NOTE | |||
r-devel-linux-x86_64-fedora-gcc | 1.13-2 | 48.30 | NOTE | |||
r-devel-windows-x86_64 | 1.13-2 | 4.00 | 52.00 | 56.00 | OK | |
r-patched-linux-x86_64 | 1.13-2 | 4.70 | 35.37 | 40.07 | OK | |
r-release-linux-x86_64 | 1.13-2 | 3.88 | 35.08 | 38.96 | OK | |
r-release-macos-arm64 | 1.13-2 | 20.00 | OK | |||
r-release-macos-x86_64 | 1.13-2 | 39.00 | OK | |||
r-release-windows-x86_64 | 1.13-2 | 5.00 | 52.00 | 57.00 | OK | |
r-oldrel-macos-arm64 | 1.13-2 | 23.00 | OK | |||
r-oldrel-macos-x86_64 | 1.13-2 | 32.00 | OK | |||
r-oldrel-windows-x86_64 | 1.13-2 | 9.00 | 52.00 | 61.00 | OK |
Version: 1.13-2
Check: data for non-ASCII characters
Result: NOTE
Note: found 2 marked UTF-8 strings
Flavors: r-devel-linux-x86_64-fedora-clang, r-devel-linux-x86_64-fedora-gcc