CRAN Package Check Results for Package WorldFlora

Last updated on 2021-10-19 00:49:36 CEST.

Flavor Version Tinstall Tcheck Ttotal Status Flags
r-devel-linux-x86_64-debian-clang 1.9 3.56 27.75 31.31 OK
r-devel-linux-x86_64-debian-gcc 1.9 2.58 21.79 24.37 OK
r-devel-linux-x86_64-fedora-clang 1.9 47.87 NOTE
r-devel-linux-x86_64-fedora-gcc 1.9 37.27 NOTE
r-devel-windows-x86_64 1.9 7.00 50.00 57.00 OK
r-devel-windows-x86_64-gcc10-UCRT 1.9 NOTE
r-patched-linux-x86_64 1.9 3.47 27.56 31.03 OK
r-patched-solaris-x86 1.9 50.50 NOTE
r-release-linux-x86_64 1.9 3.22 26.94 30.16 OK
r-release-macos-arm64 1.9 NOTE
r-release-macos-x86_64 1.9 NOTE
r-release-windows-ix86+x86_64 1.9 5.00 44.00 49.00 OK
r-oldrel-macos-x86_64 1.9 NOTE
r-oldrel-windows-ix86+x86_64 1.9 8.00 44.00 52.00 OK

Check Details

Version: 1.9
Check: data for non-ASCII characters
Result: NOTE
     Note: found 2 marked UTF-8 strings
Flavors: r-devel-linux-x86_64-fedora-clang, r-devel-linux-x86_64-fedora-gcc, r-devel-windows-x86_64-gcc10-UCRT, r-patched-solaris-x86, r-release-macos-arm64, r-release-macos-x86_64, r-oldrel-macos-x86_64