CRAN Package Check Results for Package XLConnect

Last updated on 2024-06-14 00:54:05 CEST.

Flavor Version Tinstall Tcheck Ttotal Status Flags
r-devel-linux-x86_64-debian-clang 1.0.10 14.86 177.93 192.79 OK
r-devel-linux-x86_64-debian-gcc 1.0.10 10.31 113.81 124.12 ERROR
r-devel-linux-x86_64-fedora-clang 1.0.10 217.94 NOTE
r-devel-linux-x86_64-fedora-gcc 1.0.10 223.58 OK
r-devel-windows-x86_64 1.0.10 21.00 238.00 259.00 NOTE
r-patched-linux-x86_64 1.0.10 17.89 174.08 191.97 OK
r-release-linux-x86_64 1.0.10 13.06 172.23 185.29 OK
r-release-macos-arm64 1.0.10 100.00 NOTE
r-release-macos-x86_64 1.0.10 135.00 NOTE
r-release-windows-x86_64 1.0.10 19.00 236.00 255.00 NOTE
r-oldrel-macos-arm64 1.0.10 101.00 NOTE
r-oldrel-macos-x86_64 1.0.10 193.00 NOTE
r-oldrel-windows-x86_64 1.0.10 20.00 264.00 284.00 NOTE

Check Details

Version: 1.0.10
Check: package dependencies
Result: NOTE Package suggested but not available for checking: ‘ggplot2’ Flavor: r-devel-linux-x86_64-debian-gcc

Version: 1.0.10
Check: re-building of vignette outputs
Result: ERROR Error(s) in re-building vignettes: ... --- re-building ‘XLConnect.Rnw’ using Sweave Loading required package: XLConnect XLConnect 1.0.10 by Mirai Solutions GmbH [aut], Martin Studer [cre], The Apache Software Foundation [ctb, cph] (Apache POI), Graph Builder [ctb, cph] (Curvesapi Java library), Brett Woolridge [ctb, cph] (SparseBitSet Java library) https://mirai-solutions.ch https://github.com/miraisolutions/xlconnect Loading required package: zoo Attaching package: ‘zoo’ The following objects are masked from ‘package:base’: as.Date, as.Date.numeric Loading required package: ggplot2 Warning in library(package, lib.loc = lib.loc, character.only = TRUE, logical.return = TRUE, : there is no package called ‘ggplot2’ Error: processing vignette 'XLConnect.Rnw' failed with diagnostics: chunk 20 (label = AdvancedExampleP5) Error in ggplot(gcurr, aes(Date, Value, colour = Currency)) : could not find function "ggplot" --- failed re-building ‘XLConnect.Rnw’ --- re-building ‘XLConnectImpatient.Rnw’ using Sweave --- finished re-building ‘XLConnectImpatient.Rnw’ SUMMARY: processing the following file failed: ‘XLConnect.Rnw’ Error: Vignette re-building failed. Execution halted Flavor: r-devel-linux-x86_64-debian-gcc

Version: 1.0.10
Check: installed package size
Result: NOTE installed size is 27.9Mb sub-directories of 1Mb or more: java 25.4Mb Flavors: r-devel-linux-x86_64-fedora-clang, r-devel-windows-x86_64, r-release-macos-arm64, r-release-macos-x86_64, r-release-windows-x86_64, r-oldrel-macos-arm64, r-oldrel-macos-x86_64, r-oldrel-windows-x86_64