Last updated on 2023-06-09 00:54:39 CEST.
Flavor | Version | Tinstall | Tcheck | Ttotal | Status | Flags |
---|---|---|---|---|---|---|
r-devel-linux-x86_64-debian-clang | 1.0.7 | 11.74 | 178.17 | 189.91 | OK | |
r-devel-linux-x86_64-debian-gcc | 1.0.7 | 8.65 | 135.75 | 144.40 | OK | |
r-devel-linux-x86_64-fedora-clang | 1.0.7 | 227.33 | NOTE | |||
r-devel-linux-x86_64-fedora-gcc | 1.0.7 | 228.66 | OK | |||
r-devel-windows-x86_64 | 1.0.7 | 25.00 | 244.00 | 269.00 | NOTE | |
r-patched-linux-x86_64 | 1.0.7 | 13.23 | 174.35 | 187.58 | OK | |
r-release-linux-x86_64 | 1.0.7 | 11.53 | 175.92 | 187.45 | OK | |
r-release-macos-arm64 | 1.0.7 | 94.00 | NOTE | |||
r-release-macos-x86_64 | 1.0.7 | 138.00 | NOTE | |||
r-release-windows-x86_64 | 1.0.7 | 20.00 | 262.00 | 282.00 | NOTE | |
r-oldrel-macos-arm64 | 1.0.7 | 91.00 | NOTE | |||
r-oldrel-macos-x86_64 | 1.0.7 | 113.00 | NOTE | |||
r-oldrel-windows-x86_64 | 1.0.7 | 28.00 | 252.00 | 280.00 | NOTE |
Version: 1.0.7
Check: installed package size
Result: NOTE
installed size is 27.0Mb
sub-directories of 1Mb or more:
java 24.5Mb
Flavors: r-devel-linux-x86_64-fedora-clang, r-devel-windows-x86_64, r-release-macos-arm64, r-release-macos-x86_64, r-release-windows-x86_64, r-oldrel-macos-arm64, r-oldrel-macos-x86_64, r-oldrel-windows-x86_64