CRAN Package Check Results for Package Xplortext

Last updated on 2021-10-26 01:00:11 CEST.

Flavor Version Tinstall Tcheck Ttotal Status Flags
r-devel-linux-x86_64-debian-clang 1.4.1 19.15 126.61 145.76 OK
r-devel-linux-x86_64-debian-gcc 1.4.1 15.70 90.77 106.47 OK
r-devel-linux-x86_64-fedora-clang 1.4.1 180.11 NOTE
r-devel-linux-x86_64-fedora-gcc 1.4.1 169.53 NOTE
r-devel-windows-x86_64 1.4.1 31.00 147.00 178.00 OK
r-devel-windows-x86_64-gcc10-UCRT 1.4.1 NOTE
r-patched-linux-x86_64 1.4.1 19.11 118.20 137.31 OK
r-patched-solaris-x86 1.4.1 232.30 NOTE
r-release-linux-x86_64 1.4.1 21.98 117.89 139.87 OK
r-release-macos-arm64 1.4.1 NOTE
r-release-macos-x86_64 1.4.1 NOTE
r-release-windows-ix86+x86_64 1.4.1 24.00 150.00 174.00 OK
r-oldrel-macos-x86_64 1.4.1 NOTE
r-oldrel-windows-ix86+x86_64 1.4.1 38.00 154.00 192.00 OK

Check Details

Version: 1.4.1
Check: dependencies in R code
Result: NOTE
    Namespace in Imports field not imported from: ‘ggdendro’
     All declared Imports should be used.
Flavors: r-devel-linux-x86_64-fedora-clang, r-devel-linux-x86_64-fedora-gcc, r-devel-windows-x86_64-gcc10-UCRT, r-patched-solaris-x86, r-release-macos-arm64, r-release-macos-x86_64, r-oldrel-macos-x86_64