CRAN Package Check Results for Package ZIM

Last updated on 2021-12-06 00:48:46 CET.

Flavor Version Tinstall Tcheck Ttotal Status Flags
r-devel-linux-x86_64-debian-clang 1.1.0 4.26 39.64 43.90 OK
r-devel-linux-x86_64-debian-gcc 1.1.0 2.99 31.20 34.19 OK
r-devel-linux-x86_64-fedora-clang 1.1.0 55.85 NOTE
r-devel-linux-x86_64-fedora-gcc 1.1.0 43.94 OK
r-devel-windows-x86_64-new-UL 1.1.0 10.00 67.00 77.00 OK
r-devel-windows-x86_64-new-TK 1.1.0 OK
r-devel-windows-x86_64-old 1.1.0 8.00 37.00 45.00 OK
r-patched-linux-x86_64 1.1.0 5.66 30.56 36.22 OK
r-release-linux-x86_64 1.1.0 4.42 38.10 42.52 OK
r-release-macos-arm64 1.1.0 OK
r-release-macos-x86_64 1.1.0 OK
r-release-windows-ix86+x86_64 1.1.0 9.00 49.00 58.00 OK
r-oldrel-macos-x86_64 1.1.0 NOTE
r-oldrel-windows-ix86+x86_64 1.1.0 9.00 47.00 56.00 OK

Check Details

Version: 1.1.0
Check: Rd cross-references
Result: NOTE
    Undeclared package ‘dplyr’ in Rd xrefs
Flavor: r-devel-linux-x86_64-fedora-clang

Version: 1.1.0
Check: package dependencies
Result: NOTE
    Package suggested but not available for checking: ‘TSA’
Flavor: r-oldrel-macos-x86_64

Version: 1.1.0
Check: Rd cross-references
Result: NOTE
    Unknown package ‘TSA’ in Rd xrefs
Flavor: r-oldrel-macos-x86_64