CRAN Package Check Results for Package aMNLFA

Last updated on 2024-07-24 00:53:44 CEST.

Flavor Version Tinstall Tcheck Ttotal Status Flags
r-devel-linux-x86_64-debian-clang 1.1.2 4.20 39.09 43.29 NOTE
r-devel-linux-x86_64-debian-gcc 1.1.2 5.28 28.91 34.19 NOTE
r-devel-linux-x86_64-fedora-clang 1.1.2 56.12 NOTE
r-devel-linux-x86_64-fedora-gcc 1.1.2 51.97 NOTE
r-devel-windows-x86_64 1.1.2 8.00 50.00 58.00 NOTE
r-patched-linux-x86_64 1.1.2 7.17 37.21 44.38 NOTE
r-release-linux-x86_64 1.1.2 3.92 37.09 41.01 NOTE
r-release-macos-arm64 1.1.2 20.00 NOTE
r-release-macos-x86_64 1.1.2 33.00 NOTE
r-release-windows-x86_64 1.1.2 7.00 50.00 57.00 NOTE
r-oldrel-macos-arm64 1.1.2 21.00 OK
r-oldrel-macos-x86_64 1.1.2 33.00 OK
r-oldrel-windows-x86_64 1.1.2 8.00 55.00 63.00 OK

Check Details

Version: 1.1.2
Check: Rd files
Result: NOTE checkRd: (-1) aMNLFA.prune.Rd:15: Lost braces in \itemize; \value handles \item{}{} directly checkRd: (-1) aMNLFA.prune.Rd:16: Lost braces in \itemize; \value handles \item{}{} directly checkRd: (-1) aMNLFA.prune.Rd:17: Lost braces in \itemize; \value handles \item{}{} directly checkRd: (-1) aMNLFA.prune.Rd:18: Lost braces in \itemize; \value handles \item{}{} directly checkRd: (-1) aMNLFA.prune.Rd:19: Lost braces in \itemize; \value handles \item{}{} directly checkRd: (-1) aMNLFA.prune.Rd:20: Lost braces in \itemize; \value handles \item{}{} directly checkRd: (-1) aMNLFA.prune.Rd:21: Lost braces in \itemize; \value handles \item{}{} directly checkRd: (-1) aMNLFA.prune.Rd:22: Lost braces in \itemize; \value handles \item{}{} directly Flavors: r-devel-linux-x86_64-debian-clang, r-devel-linux-x86_64-debian-gcc, r-devel-linux-x86_64-fedora-clang, r-devel-linux-x86_64-fedora-gcc, r-devel-windows-x86_64, r-patched-linux-x86_64, r-release-linux-x86_64, r-release-macos-arm64, r-release-macos-x86_64, r-release-windows-x86_64

Version: 1.1.2
Check: dependencies in R code
Result: NOTE Namespaces in Imports field not imported from: ‘devtools’ ‘dplyr’ ‘gridExtra’ All declared Imports should be used. Flavors: r-devel-linux-x86_64-fedora-clang, r-devel-linux-x86_64-fedora-gcc