Last updated on 2023-05-30 00:59:39 CEST.
Flavor | Version | Tinstall | Tcheck | Ttotal | Status | Flags |
---|---|---|---|---|---|---|
r-devel-linux-x86_64-debian-clang | 0.2.3 | 290.58 | 137.30 | 427.88 | OK | |
r-devel-linux-x86_64-debian-gcc | 0.2.3 | 219.83 | 98.80 | 318.63 | OK | |
r-devel-linux-x86_64-fedora-clang | 0.2.3 | 634.66 | OK | |||
r-devel-linux-x86_64-fedora-gcc | 0.2.3 | 641.78 | OK | |||
r-devel-windows-x86_64 | 0.2.3 | 219.00 | 154.00 | 373.00 | OK | |
r-patched-linux-x86_64 | 0.2.3 | 234.03 | 127.13 | 361.16 | OK | |
r-release-linux-x86_64 | 0.2.3 | 225.27 | 130.54 | 355.81 | OK | |
r-release-macos-arm64 | 0.2.3 | 147.00 | NOTE | |||
r-release-macos-x86_64 | 0.2.1 | 219.00 | OK | |||
r-release-windows-x86_64 | 0.2.3 | 281.00 | 190.00 | 471.00 | OK | |
r-oldrel-macos-arm64 | 0.2.3 | 155.00 | NOTE | |||
r-oldrel-macos-x86_64 | 0.2.3 | 165.00 | NOTE | |||
r-oldrel-windows-x86_64 | 0.2.3 | 269.00 | 175.00 | 444.00 | OK |
Version: 0.2.3
Check: installed package size
Result: NOTE
installed size is 6.1Mb
sub-directories of 1Mb or more:
libs 5.6Mb
Flavors: r-release-macos-arm64, r-oldrel-macos-arm64, r-oldrel-macos-x86_64