CRAN Package Check Results for Package abstractr

Last updated on 2025-01-16 00:49:25 CET.

Flavor Version Tinstall Tcheck Ttotal Status Flags
r-devel-linux-x86_64-debian-clang 0.1.0 5.14 55.58 60.72 OK
r-devel-linux-x86_64-debian-gcc 0.1.0 3.92 42.29 46.21 OK
r-devel-linux-x86_64-fedora-clang 0.1.0 101.09 OK
r-devel-linux-x86_64-fedora-gcc 0.1.0 115.14 OK
r-devel-windows-x86_64 0.1.0 10.00 77.00 87.00 OK
r-patched-linux-x86_64 0.1.0 5.11 51.42 56.53 NOTE
r-release-linux-x86_64 0.1.0 5.26 50.56 55.82 NOTE
r-release-macos-arm64 0.1.0 36.00 NOTE
r-release-macos-x86_64 0.1.0 59.00 NOTE
r-release-windows-x86_64 0.1.0 8.00 74.00 82.00 NOTE
r-oldrel-macos-arm64 0.1.0 36.00 NOTE
r-oldrel-macos-x86_64 0.1.0 58.00 NOTE
r-oldrel-windows-x86_64 0.1.0 9.00 83.00 92.00 NOTE

Check Details

Version: 0.1.0
Check: LazyData
Result: NOTE 'LazyData' is specified without a 'data' directory Flavors: r-patched-linux-x86_64, r-release-linux-x86_64, r-release-macos-arm64, r-release-macos-x86_64, r-release-windows-x86_64, r-oldrel-macos-arm64, r-oldrel-macos-x86_64, r-oldrel-windows-x86_64