CRAN Package Check Results for Package acc

Last updated on 2023-09-23 00:53:46 CEST.

Flavor Version Tinstall Tcheck Ttotal Status Flags
r-devel-linux-x86_64-debian-clang 1.3.3 77.48 87.22 164.70 OK
r-devel-linux-x86_64-debian-gcc 1.3.3 49.66 64.14 113.80 OK
r-devel-linux-x86_64-fedora-clang 1.3.3 220.67 NOTE
r-devel-linux-x86_64-fedora-gcc 1.3.3 227.24 NOTE
r-devel-windows-x86_64 1.3.3 59.00 103.00 162.00 OK
r-patched-linux-x86_64 1.3.3 78.69 83.06 161.75 OK
r-release-linux-x86_64 1.3.3 76.25 84.33 160.58 OK
r-release-macos-arm64 1.3.3 59.00 OK
r-release-macos-x86_64 1.3.3 92.00 OK
r-release-windows-x86_64 1.3.3 78.00 119.00 197.00 OK
r-oldrel-macos-arm64 1.3.3 59.00 OK
r-oldrel-macos-x86_64 1.3.3 71.00 OK
r-oldrel-windows-x86_64 1.3.3 72.00 116.00 188.00 OK

Check Details

Version: 1.3.3
Check: compiled code
Result: NOTE
    File ‘acc/libs/acc.so’:
     Found no calls to: ‘R_registerRoutines’, ‘R_useDynamicSymbols’
    
    It is good practice to register native routines and to disable symbol
    search.
    
    See ‘Writing portable packages’ in the ‘Writing R Extensions’ manual.
Flavors: r-devel-linux-x86_64-fedora-clang, r-devel-linux-x86_64-fedora-gcc