CRAN Package Check Results for Package accucor

Last updated on 2021-10-26 00:59:44 CEST.

Flavor Version Tinstall Tcheck Ttotal Status Flags
r-devel-linux-x86_64-debian-clang 0.2.4 5.98 156.11 162.09 OK
r-devel-linux-x86_64-debian-gcc 0.2.4 4.12 114.29 118.41 OK
r-devel-linux-x86_64-fedora-clang 0.2.4 198.19 NOTE
r-devel-linux-x86_64-fedora-gcc 0.2.4 190.51 NOTE
r-devel-windows-x86_64 0.2.4 9.00 196.00 205.00 OK
r-devel-windows-x86_64-gcc10-UCRT 0.2.4 NOTE
r-patched-linux-x86_64 0.2.4 4.85 148.09 152.94 OK
r-patched-solaris-x86 0.2.4 234.80 NOTE
r-release-linux-x86_64 0.2.4 5.11 147.95 153.06 OK
r-release-macos-arm64 0.2.4 NOTE
r-release-macos-x86_64 0.2.4 NOTE
r-release-windows-ix86+x86_64 0.2.4 10.00 199.00 209.00 OK
r-oldrel-macos-x86_64 0.2.4 NOTE
r-oldrel-windows-ix86+x86_64 0.2.4 13.00 206.00 219.00 OK

Check Details

Version: 0.2.4
Check: dependencies in R code
Result: NOTE
    Namespace in Imports field not imported from: ‘gsubfn’
     All declared Imports should be used.
Flavors: r-devel-linux-x86_64-fedora-clang, r-devel-linux-x86_64-fedora-gcc, r-devel-windows-x86_64-gcc10-UCRT, r-patched-solaris-x86, r-release-macos-arm64, r-release-macos-x86_64, r-oldrel-macos-x86_64