Last updated on 2023-03-27 00:50:17 CEST.
Flavor | Version | Tinstall | Tcheck | Ttotal | Status | Flags |
---|---|---|---|---|---|---|
r-devel-linux-x86_64-debian-clang | 1.2.7 | 12.66 | 91.44 | 104.10 | OK | |
r-devel-linux-x86_64-debian-gcc | 1.2.7 | 12.30 | 67.13 | 79.43 | OK | |
r-devel-linux-x86_64-fedora-gcc | 1.2.7 | 135.03 | NOTE | |||
r-devel-windows-x86_64 | 1.2.7 | 89.00 | 149.00 | 238.00 | OK | |
r-patched-linux-x86_64 | 1.2.7 | 14.57 | 87.58 | 102.15 | OK | |
r-release-linux-x86_64 | 1.2.7 | 11.35 | 85.25 | 96.60 | OK | |
r-release-macos-arm64 | 1.2.7 | 37.00 | OK | |||
r-release-macos-x86_64 | 1.2.7 | 51.00 | OK | |||
r-release-windows-x86_64 | 1.2.7 | 95.00 | 137.00 | 232.00 | OK | |
r-oldrel-macos-arm64 | 1.2.7 | 37.00 | OK | |||
r-oldrel-macos-x86_64 | 1.2.7 | 57.00 | OK | |||
r-oldrel-windows-ix86+x86_64 | 1.2.7 | 27.00 | 146.00 | 173.00 | OK |
Version: 1.2.7
Check: data for non-ASCII characters
Result: NOTE
Note: found 305 marked UTF-8 strings
Flavor: r-devel-linux-x86_64-fedora-gcc