CRAN Package Check Results for Package adaHuber

Last updated on 2024-06-14 00:53:34 CEST.

Flavor Version Tinstall Tcheck Ttotal Status Flags
r-devel-linux-x86_64-debian-clang 1.1 46.18 30.24 76.42 NOTE
r-devel-linux-x86_64-debian-gcc 1.1 26.32 24.25 50.57 NOTE
r-devel-linux-x86_64-fedora-clang 1.1 101.70 NOTE
r-devel-linux-x86_64-fedora-gcc 1.1 104.38 NOTE
r-devel-windows-x86_64 1.1 33.00 64.00 97.00 NOTE
r-patched-linux-x86_64 1.1 34.82 30.90 65.72 NOTE
r-release-linux-x86_64 1.1 36.03 30.97 67.00 NOTE
r-release-macos-arm64 1.1 28.00 NOTE
r-release-macos-x86_64 1.1 46.00 NOTE
r-release-windows-x86_64 1.1 33.00 68.00 101.00 NOTE
r-oldrel-macos-arm64 1.1 29.00 NOTE
r-oldrel-macos-x86_64 1.1 47.00 NOTE
r-oldrel-windows-x86_64 1.1 39.00 72.00 111.00 NOTE

Check Details

Version: 1.1
Check: C++ specification
Result: NOTE Specified C++11: please drop specification unless essential Flavors: r-devel-linux-x86_64-debian-clang, r-devel-linux-x86_64-debian-gcc, r-devel-linux-x86_64-fedora-clang, r-devel-linux-x86_64-fedora-gcc, r-devel-windows-x86_64, r-patched-linux-x86_64, r-release-linux-x86_64, r-release-macos-arm64, r-release-macos-x86_64, r-release-windows-x86_64, r-oldrel-macos-arm64, r-oldrel-macos-x86_64, r-oldrel-windows-x86_64