CRAN Package Check Results for Package adaR

Last updated on 2024-06-13 00:55:05 CEST.

Flavor Version Tinstall Tcheck Ttotal Status Flags
r-devel-linux-x86_64-debian-clang 0.3.2 51.03 40.86 91.89 OK
r-devel-linux-x86_64-debian-gcc 0.3.2 39.20 29.22 68.42 ERROR
r-devel-linux-x86_64-fedora-clang 0.3.2 124.17 OK
r-devel-linux-x86_64-fedora-gcc 0.3.2 155.62 OK
r-devel-windows-x86_64 0.3.2 36.00 80.00 116.00 OK
r-patched-linux-x86_64 0.3.2 50.64 39.89 90.53 OK
r-release-linux-x86_64 0.3.2 50.74 38.96 89.70 OK
r-release-macos-arm64 0.3.2 41.00 OK
r-release-macos-x86_64 0.3.2 83.00 OK
r-release-windows-x86_64 0.3.2 40.00 77.00 117.00 OK
r-oldrel-macos-arm64 0.3.2 55.00 OK
r-oldrel-macos-x86_64 0.3.2 156.00 OK
r-oldrel-windows-x86_64 0.3.2 49.00 86.00 135.00 OK

Check Details

Version: 0.3.2
Check: package dependencies
Result: NOTE Package suggested but not available for checking: ‘testthat’ Flavor: r-devel-linux-x86_64-debian-gcc

Version: 0.3.2
Check: tests
Result: ERROR Running ‘testthat.R’ [0s/1s] Running the tests in ‘tests/testthat.R’ failed. Complete output: > # This file is part of the standard setup for testthat. > # It is recommended that you do not modify it. > # > # Where should you do additional test configuration? > # Learn more about the roles of various files in: > # * https://r-pkgs.org/testing-design.html#sec-tests-files-overview > # * https://testthat.r-lib.org/articles/special-files.html > > library(testthat) Error in library(testthat) : there is no package called 'testthat' Execution halted Flavor: r-devel-linux-x86_64-debian-gcc