CRAN Package Check Results for Package adamethods

Last updated on 2021-10-24 00:50:50 CEST.

Flavor Version Tinstall Tcheck Ttotal Status Flags
r-devel-linux-x86_64-debian-clang 1.2.1 19.37 139.13 158.50 NOTE
r-devel-linux-x86_64-debian-gcc 1.2.1 13.95 105.90 119.85 NOTE
r-devel-linux-x86_64-fedora-clang 1.2.1 197.82 NOTE
r-devel-linux-x86_64-fedora-gcc 1.2.1 181.49 NOTE
r-devel-windows-x86_64 1.2.1 27.00 169.00 196.00 NOTE
r-devel-windows-x86_64-gcc10-UCRT 1.2.1 NOTE
r-patched-linux-x86_64 1.2.1 19.37 133.06 152.43 NOTE
r-patched-solaris-x86 1.2.1 254.90 NOTE
r-release-linux-x86_64 1.2.1 17.06 130.80 147.86 NOTE
r-release-macos-arm64 1.2.1 NOTE
r-release-macos-x86_64 1.2.1 NOTE
r-release-windows-ix86+x86_64 1.2.1 28.00 169.00 197.00 NOTE
r-oldrel-macos-x86_64 1.2.1 OK
r-oldrel-windows-ix86+x86_64 1.2.1 39.00 173.00 212.00 OK

Check Details

Version: 1.2.1
Check: LazyData
Result: NOTE
     'LazyData' is specified without a 'data' directory
Flavors: r-devel-linux-x86_64-debian-clang, r-devel-linux-x86_64-debian-gcc, r-devel-linux-x86_64-fedora-clang, r-devel-linux-x86_64-fedora-gcc, r-devel-windows-x86_64, r-devel-windows-x86_64-gcc10-UCRT, r-patched-linux-x86_64, r-patched-solaris-x86, r-release-linux-x86_64, r-release-macos-arm64, r-release-macos-x86_64, r-release-windows-ix86+x86_64