Last updated on 2023-03-22 00:52:14 CET.
Flavor | Version | Tinstall | Tcheck | Ttotal | Status | Flags |
---|---|---|---|---|---|---|
r-devel-linux-x86_64-debian-clang | 1.4 | 8.69 | 69.78 | 78.47 | NOTE | |
r-devel-linux-x86_64-debian-gcc | 1.4 | 5.86 | 55.53 | 61.39 | NOTE | |
r-devel-linux-x86_64-fedora-clang | 1.4 | 97.56 | NOTE | |||
r-devel-linux-x86_64-fedora-gcc | 1.4 | 92.84 | NOTE | |||
r-devel-windows-x86_64 | 1.4 | 14.00 | 93.00 | 107.00 | OK | |
r-patched-linux-x86_64 | 1.4 | 8.16 | 69.35 | 77.51 | NOTE | |
r-release-linux-x86_64 | 1.4 | 6.62 | 69.78 | 76.40 | NOTE | |
r-release-macos-arm64 | 1.4 | 29.00 | OK | |||
r-release-macos-x86_64 | 1.4 | 43.00 | OK | |||
r-release-windows-x86_64 | 1.4 | 14.00 | 98.00 | 112.00 | OK | |
r-oldrel-macos-arm64 | 1.4 | 36.00 | OK | |||
r-oldrel-macos-x86_64 | 1.4 | 52.00 | OK | |||
r-oldrel-windows-ix86+x86_64 | 1.4 | 17.00 | 91.00 | 108.00 | OK |
Version: 1.4
Check: Rd cross-references
Result: NOTE
Unknown packages ‘HI’, ‘MHadaptive’ in Rd xrefs
Flavors: r-devel-linux-x86_64-debian-clang, r-devel-linux-x86_64-debian-gcc, r-devel-linux-x86_64-fedora-gcc, r-patched-linux-x86_64, r-release-linux-x86_64
Version: 1.4
Check: Rd cross-references
Result: NOTE
Undeclared packages ‘HI’, ‘MHadaptive’ in Rd xrefs
Unknown packages ‘HI’, ‘MHadaptive’ in Rd xrefs
Flavor: r-devel-linux-x86_64-fedora-clang