CRAN Package Check Results for Package adaptivetau

Last updated on 2018-10-19 00:49:51 CEST.

Flavor Version Tinstall Tcheck Ttotal Status Flags
r-devel-linux-x86_64-debian-clang 2.2-1 6.37 23.70 30.07 OK
r-devel-linux-x86_64-debian-gcc 2.2-1 4.91 18.97 23.88 OK
r-devel-linux-x86_64-fedora-clang 2.2-1 36.97 NOTE
r-devel-linux-x86_64-fedora-gcc 2.2-1 37.15 NOTE
r-devel-windows-ix86+x86_64 2.2-1 22.00 77.00 99.00 OK
r-patched-linux-x86_64 2.2-1 6.72 21.86 28.58 OK
r-patched-solaris-x86 2.2-1 52.60 OK
r-release-linux-x86_64 2.2-1 6.65 22.52 29.17 OK
r-release-windows-ix86+x86_64 2.2-1 22.00 50.00 72.00 OK
r-release-osx-x86_64 2.2-1 OK
r-oldrel-windows-ix86+x86_64 2.2-1 15.00 48.00 63.00 OK
r-oldrel-osx-x86_64 2.2-1 OK

Additional issues

rchk

Check Details

Version: 2.2-1
Check: compiled code
Result: NOTE
    File ‘adaptivetau/libs/adaptivetau.so’:
     Found no calls to: ‘R_registerRoutines’, ‘R_useDynamicSymbols’
    
    It is good practice to register native routines and to disable symbol
    search.
    
    See ‘Writing portable packages’ in the ‘Writing R Extensions’ manual.
Flavors: r-devel-linux-x86_64-fedora-clang, r-devel-linux-x86_64-fedora-gcc