CRAN Package Check Results for Package adaptivetau

Last updated on 2018-04-21 00:47:59 CEST.

Flavor Version Tinstall Tcheck Ttotal Status Flags
r-devel-linux-x86_64-debian-clang 2.2-1 4.83 22.06 26.89 NOTE
r-devel-linux-x86_64-debian-gcc 2.2-1 4.75 17.44 22.19 NOTE
r-devel-linux-x86_64-fedora-clang 2.2-1 34.12 NOTE
r-devel-linux-x86_64-fedora-gcc 2.2-1 34.31 NOTE
r-devel-windows-ix86+x86_64 2.2-1 15.00 77.00 92.00 OK
r-devel-osx-x86_64 2.2-1 OK
r-patched-linux-x86_64 2.2-1 6.79 21.95 28.74 NOTE
r-patched-solaris-x86 2.2-1 53.20 OK
r-release-linux-x86_64 2.2-1 6.14 20.80 26.94 NOTE
r-release-windows-ix86+x86_64 2.2-1 15.00 48.00 63.00 OK
r-release-osx-x86_64 2.2-1 OK
r-oldrel-windows-ix86+x86_64 2.2-1 14.00 36.00 50.00 OK

Check Details

Version: 2.2-1
Check: compiled code
Result: NOTE
    File ‘adaptivetau/libs/adaptivetau.so’:
     Found no calls to: ‘R_registerRoutines’, ‘R_useDynamicSymbols’
    
    It is good practice to register native routines and to disable symbol
    search.
    
    See ‘Writing portable packages’ in the ‘Writing R Extensions’ manual.
Flavors: r-devel-linux-x86_64-debian-clang, r-devel-linux-x86_64-debian-gcc, r-devel-linux-x86_64-fedora-clang, r-devel-linux-x86_64-fedora-gcc, r-patched-linux-x86_64, r-release-linux-x86_64