Last updated on 2023-03-22 00:52:14 CET.
Flavor | Version | Tinstall | Tcheck | Ttotal | Status | Flags |
---|---|---|---|---|---|---|
r-devel-linux-x86_64-debian-clang | 0.3.0 | 5.62 | 55.83 | 61.45 | NOTE | |
r-devel-linux-x86_64-debian-gcc | 0.3.0 | 3.72 | 42.71 | 46.43 | NOTE | |
r-devel-linux-x86_64-fedora-clang | 0.3.0 | 78.48 | NOTE | |||
r-devel-linux-x86_64-fedora-gcc | 0.3.0 | 82.50 | NOTE | |||
r-devel-windows-x86_64 | 0.3.0 | 24.00 | 85.00 | 109.00 | NOTE | |
r-patched-linux-x86_64 | 0.3.0 | 5.69 | 53.97 | 59.66 | NOTE | |
r-release-linux-x86_64 | 0.3.0 | 6.01 | 54.55 | 60.56 | NOTE | |
r-release-macos-arm64 | 0.3.0 | 27.00 | NOTE | |||
r-release-macos-x86_64 | 0.3.0 | 40.00 | NOTE | |||
r-release-windows-x86_64 | 0.3.0 | 27.00 | 89.00 | 116.00 | NOTE | |
r-oldrel-macos-arm64 | 0.3.0 | 40.00 | NOTE | |||
r-oldrel-macos-x86_64 | 0.3.0 | 44.00 | NOTE | |||
r-oldrel-windows-ix86+x86_64 | 0.3.0 | 15.00 | 82.00 | 97.00 | NOTE |
Version: 0.3.0
Check: LazyData
Result: NOTE
'LazyData' is specified without a 'data' directory
Flavors: r-devel-linux-x86_64-debian-clang, r-devel-linux-x86_64-debian-gcc, r-devel-linux-x86_64-fedora-clang, r-devel-linux-x86_64-fedora-gcc, r-devel-windows-x86_64, r-patched-linux-x86_64, r-release-linux-x86_64, r-release-macos-arm64, r-release-macos-x86_64, r-release-windows-x86_64, r-oldrel-macos-arm64, r-oldrel-macos-x86_64, r-oldrel-windows-ix86+x86_64