CRAN Package Check Results for Package addinsOutline

Last updated on 2021-10-17 00:48:29 CEST.

Flavor Version Tinstall Tcheck Ttotal Status Flags
r-devel-linux-x86_64-debian-clang 0.1.6 7.35 62.97 70.32 NOTE
r-devel-linux-x86_64-debian-gcc 0.1.6 5.98 47.18 53.16 NOTE
r-devel-linux-x86_64-fedora-clang 0.1.6 93.04 NOTE
r-devel-linux-x86_64-fedora-gcc 0.1.6 89.63 NOTE
r-devel-windows-x86_64 0.1.6 13.00 67.00 80.00 NOTE
r-devel-windows-x86_64-gcc10-UCRT 0.1.6 NOTE
r-patched-linux-x86_64 0.1.6 7.26 58.27 65.53 NOTE
r-patched-solaris-x86 0.1.6 114.20 NOTE
r-release-linux-x86_64 0.1.6 7.07 58.28 65.35 NOTE
r-release-macos-arm64 0.1.6 NOTE
r-release-macos-x86_64 0.1.6 NOTE
r-release-windows-ix86+x86_64 0.1.6 15.00 86.00 101.00 NOTE
r-oldrel-macos-x86_64 0.1.6 OK
r-oldrel-windows-ix86+x86_64 0.1.6 19.00 87.00 106.00 OK

Check Details

Version: 0.1.6
Check: LazyData
Result: NOTE
     'LazyData' is specified without a 'data' directory
Flavors: r-devel-linux-x86_64-debian-clang, r-devel-linux-x86_64-debian-gcc, r-devel-linux-x86_64-fedora-clang, r-devel-linux-x86_64-fedora-gcc, r-devel-windows-x86_64, r-devel-windows-x86_64-gcc10-UCRT, r-patched-linux-x86_64, r-patched-solaris-x86, r-release-linux-x86_64, r-release-macos-arm64, r-release-macos-x86_64, r-release-windows-ix86+x86_64