CRAN Package Check Results for Package adehabitatHR

Last updated on 2024-07-17 00:48:12 CEST.

Flavor Version Tinstall Tcheck Ttotal Status Flags
r-devel-linux-x86_64-debian-clang 0.4.21 17.80 109.31 127.11 OK
r-devel-linux-x86_64-debian-gcc 0.4.21 11.46 78.11 89.57 OK
r-devel-linux-x86_64-fedora-clang 0.4.21 150.50 OK
r-devel-linux-x86_64-fedora-gcc 0.4.21 156.31 OK
r-devel-windows-x86_64 0.4.21 18.00 113.00 131.00 NOTE
r-patched-linux-x86_64 0.4.21 18.20 102.54 120.74 OK
r-release-linux-x86_64 0.4.21 13.27 100.43 113.70 OK
r-release-macos-arm64 0.4.21 53.00 OK
r-release-macos-x86_64 0.4.21 115.00 OK
r-release-windows-x86_64 0.4.21 14.00 113.00 127.00 OK
r-oldrel-macos-arm64 0.4.21 58.00 OK
r-oldrel-macos-x86_64 0.4.21 103.00 OK
r-oldrel-windows-x86_64 0.4.21 20.00 127.00 147.00 OK

Check Details

Version: 0.4.21
Check: Rd cross-references
Result: NOTE Found the following Rd file(s) with Rd \link{} targets missing package anchors: BRB.Rd: infolocs, as.ltraj estUD-class.Rd: SpatialPixelsDataFrame-class kernelbb.Rd: as.ltraj kernelkc.Rd: as.ltraj Please provide package anchors for all Rd \link{} targets not in the package itself and the base packages. Flavor: r-devel-windows-x86_64