CRAN Package Check Results for Package adephylo

Last updated on 2024-07-24 00:53:44 CEST.

Flavor Version Tinstall Tcheck Ttotal Status Flags
r-devel-linux-x86_64-debian-clang 1.1-16 22.08 186.42 208.50 OK
r-devel-linux-x86_64-debian-gcc 1.1-16 16.90 138.54 155.44 NOTE
r-devel-linux-x86_64-fedora-clang 1.1-16 260.32 OK
r-devel-linux-x86_64-fedora-gcc 1.1-16 251.70 OK
r-devel-windows-x86_64 1.1-16 24.00 169.00 193.00 NOTE
r-patched-linux-x86_64 1.1-16 22.92 178.11 201.03 OK
r-release-linux-x86_64 1.1-16 15.01 177.04 192.05 OK
r-release-macos-arm64 1.1-16 78.00 OK
r-release-macos-x86_64 1.1-16 118.00 OK
r-release-windows-x86_64 1.1-16 24.00 169.00 193.00 OK
r-oldrel-macos-arm64 1.1-16 73.00 OK
r-oldrel-macos-x86_64 1.1-16 161.00 OK
r-oldrel-windows-x86_64 1.1-16 31.00 201.00 232.00 OK

Check Details

Version: 1.1-16
Check: Rd cross-references
Result: NOTE Found the following Rd file(s) with Rd \link{} targets missing package anchors: abouheif.Rd: phylo4d-class adephylo-package.Rd: phylo4d-class, phylo4-class bullseye.Rd: phylo4-class, phylo4d-class distRoot.Rd: phylo4-class, phylo4d-class distTips.Rd: phylo4-class, phylo4d-class listDD.Rd: phylo4-class, phylo4d-class listTips.Rd: phylo4-class, phylo4d-class miscUtils.Rd: phylo4-class orthobasis.Rd: phylo4-class, phylo4d-class orthogram.Rd: phylo4-class, phylo4d-class ppca.Rd: phylo4d-class, phylo4-class proxTips.Rd: phylo4-class, phylo4d-class sp.tips.Rd: phylo4-class, phylo4d-class table.phylo4d.Rd: phylo4d-class treePart.Rd: phylo4-class, phylo4d-class Please provide package anchors for all Rd \link{} targets not in the package itself and the base packages. Flavors: r-devel-linux-x86_64-debian-gcc, r-devel-windows-x86_64