CRAN Package Check Results for Package adklakedata

Last updated on 2023-09-26 01:06:14 CEST.

Flavor Version Tinstall Tcheck Ttotal Status Flags
r-devel-linux-x86_64-debian-clang 0.6.1 2.28 26.65 28.93 NOTE
r-devel-linux-x86_64-debian-gcc 0.6.1 1.33 20.79 22.12 NOTE
r-devel-linux-x86_64-fedora-clang 0.6.1 35.75 NOTE
r-devel-linux-x86_64-fedora-gcc 0.6.1 35.87 NOTE
r-devel-windows-x86_64 0.6.1 5.00 44.00 49.00 NOTE
r-patched-linux-x86_64 0.6.1 2.36 25.63 27.99 NOTE
r-release-linux-x86_64 0.6.1 2.17 25.83 28.00 NOTE
r-release-macos-arm64 0.6.1 17.00 NOTE
r-release-macos-x86_64 0.6.1 22.00 NOTE
r-release-windows-x86_64 0.6.1 4.00 44.00 48.00 NOTE
r-oldrel-macos-arm64 0.6.1 17.00 NOTE
r-oldrel-macos-x86_64 0.6.1 23.00 NOTE
r-oldrel-windows-x86_64 0.6.1 4.00 47.00 51.00 NOTE

Check Details

Version: 0.6.1
Check: LazyData
Result: NOTE
     'LazyData' is specified without a 'data' directory
Flavors: r-devel-linux-x86_64-debian-clang, r-devel-linux-x86_64-debian-gcc, r-devel-linux-x86_64-fedora-clang, r-devel-linux-x86_64-fedora-gcc, r-devel-windows-x86_64, r-patched-linux-x86_64, r-release-linux-x86_64, r-release-macos-arm64, r-release-macos-x86_64, r-release-windows-x86_64, r-oldrel-macos-arm64, r-oldrel-macos-x86_64, r-oldrel-windows-x86_64