CRAN Package Check Results for Package admmDensestSubmatrix

Last updated on 2024-07-21 00:56:11 CEST.

Flavor Version Tinstall Tcheck Ttotal Status Flags
r-devel-linux-x86_64-debian-clang 0.1.0 2.54 26.13 28.67 NOTE
r-devel-linux-x86_64-debian-gcc 0.1.0 1.50 20.47 21.97 NOTE
r-devel-linux-x86_64-fedora-clang 0.1.0 37.46 NOTE
r-devel-linux-x86_64-fedora-gcc 0.1.0 47.45 NOTE
r-devel-windows-x86_64 0.1.0 3.00 42.00 45.00 NOTE
r-patched-linux-x86_64 0.1.0 2.48 26.00 28.48 NOTE
r-release-linux-x86_64 0.1.0 2.19 25.09 27.28 NOTE
r-release-macos-arm64 0.1.0 22.00 NOTE
r-release-macos-x86_64 0.1.0 32.00 NOTE
r-release-windows-x86_64 0.1.0 3.00 41.00 44.00 NOTE
r-oldrel-macos-arm64 0.1.0 23.00 NOTE
r-oldrel-macos-x86_64 0.1.0 30.00 NOTE
r-oldrel-windows-x86_64 0.1.0 3.00 44.00 47.00 NOTE

Check Details

Version: 0.1.0
Check: LazyData
Result: NOTE 'LazyData' is specified without a 'data' directory Flavors: r-devel-linux-x86_64-debian-clang, r-devel-linux-x86_64-debian-gcc, r-devel-linux-x86_64-fedora-clang, r-devel-linux-x86_64-fedora-gcc, r-devel-windows-x86_64, r-patched-linux-x86_64, r-release-linux-x86_64, r-release-macos-arm64, r-release-macos-x86_64, r-release-windows-x86_64, r-oldrel-macos-arm64, r-oldrel-macos-x86_64, r-oldrel-windows-x86_64

Version: 0.1.0
Check: dependencies in R code
Result: NOTE Namespace in Imports field not imported from: ‘Rdpack’ All declared Imports should be used. Flavors: r-devel-linux-x86_64-fedora-clang, r-devel-linux-x86_64-fedora-gcc