CRAN Package Check Results for Package adnuts

Last updated on 2021-10-23 00:48:46 CEST.

Flavor Version Tinstall Tcheck Ttotal Status Flags
r-devel-linux-x86_64-debian-clang 1.1.2 10.00 106.13 116.13 NOTE
r-devel-linux-x86_64-debian-gcc 1.1.2 9.64 80.48 90.12 NOTE
r-devel-linux-x86_64-fedora-clang 1.1.2 151.35 NOTE
r-devel-linux-x86_64-fedora-gcc 1.1.2 137.03 NOTE
r-devel-windows-x86_64 1.1.2 20.00 144.00 164.00 NOTE
r-devel-windows-x86_64-gcc10-UCRT 1.1.2 NOTE
r-patched-linux-x86_64 1.1.2 11.48 100.13 111.61 NOTE
r-patched-solaris-x86 1.1.2 194.10 NOTE
r-release-linux-x86_64 1.1.2 11.74 98.87 110.61 NOTE
r-release-macos-arm64 1.1.2 NOTE
r-release-macos-x86_64 1.1.2 NOTE
r-release-windows-ix86+x86_64 1.1.2 21.00 140.00 161.00 NOTE
r-oldrel-macos-x86_64 1.1.2 OK
r-oldrel-windows-ix86+x86_64 1.1.2 30.00 145.00 175.00 OK

Check Details

Version: 1.1.2
Check: LazyData
Result: NOTE
     'LazyData' is specified without a 'data' directory
Flavors: r-devel-linux-x86_64-debian-clang, r-devel-linux-x86_64-debian-gcc, r-devel-linux-x86_64-fedora-clang, r-devel-linux-x86_64-fedora-gcc, r-devel-windows-x86_64, r-devel-windows-x86_64-gcc10-UCRT, r-patched-linux-x86_64, r-patched-solaris-x86, r-release-linux-x86_64, r-release-macos-arm64, r-release-macos-x86_64, r-release-windows-ix86+x86_64

Version: 1.1.2
Check: package dependencies
Result: NOTE
    Package suggested but not available for checking: 'shinystan'
Flavor: r-devel-windows-x86_64-gcc10-UCRT

Version: 1.1.2
Check: Rd cross-references
Result: NOTE
    Package unavailable to check Rd xrefs: 'shinystan'
Flavor: r-devel-windows-x86_64-gcc10-UCRT