CRAN Package Check Results for Package adobeanalyticsr

Last updated on 2024-06-24 00:50:02 CEST.

Flavor Version Tinstall Tcheck Ttotal Status Flags
r-devel-linux-x86_64-debian-clang 0.4.0 7.73 81.35 89.08 OK
r-devel-linux-x86_64-debian-gcc 0.4.0 8.11 60.01 68.12 OK
r-devel-linux-x86_64-fedora-clang 0.4.0 119.37 NOTE
r-devel-linux-x86_64-fedora-gcc 0.4.0 120.87 OK
r-devel-windows-x86_64 0.4.0 11.00 88.00 99.00 OK
r-patched-linux-x86_64 0.4.0 10.98 77.08 88.06 OK
r-release-linux-x86_64 0.4.0 8.54 76.62 85.16 OK
r-release-macos-arm64 0.4.0 43.00 OK
r-release-macos-x86_64 0.4.0 62.00 OK
r-release-windows-x86_64 0.4.0 12.00 90.00 102.00 OK
r-oldrel-macos-arm64 0.4.0 43.00 OK
r-oldrel-macos-x86_64 0.4.0 102.00 OK
r-oldrel-windows-x86_64 0.4.0 13.00 98.00 111.00 OK

Check Details

Version: 0.4.0
Check: Rd cross-references
Result: NOTE Undeclared package ‘tibble’ in Rd xrefs Flavor: r-devel-linux-x86_64-fedora-clang