Last updated on 2025-01-21 00:48:22 CET.
Flavor | Version | Tinstall | Tcheck | Ttotal | Status | Flags |
---|---|---|---|---|---|---|
r-devel-linux-x86_64-debian-clang | 1.5-10 | 22.53 | 98.07 | 120.60 | NOTE | |
r-devel-linux-x86_64-debian-gcc | 1.5-10 | 15.43 | 69.24 | 84.67 | NOTE | |
r-devel-linux-x86_64-fedora-clang | 1.5-10 | 211.57 | OK | |||
r-devel-linux-x86_64-fedora-gcc | 1.5-10 | 209.08 | OK | |||
r-devel-windows-x86_64 | 1.5-10 | 26.00 | 109.00 | 135.00 | NOTE | |
r-patched-linux-x86_64 | 1.5-10 | 26.63 | 93.02 | 119.65 | OK | |
r-release-linux-x86_64 | 1.5-10 | 21.40 | 93.43 | 114.83 | OK | |
r-release-macos-arm64 | 1.5-10 | 53.00 | OK | |||
r-release-macos-x86_64 | 1.5-10 | 94.00 | OK | |||
r-release-windows-x86_64 | 1.5-10 | 26.00 | 114.00 | 140.00 | OK | |
r-oldrel-macos-arm64 | 1.5-10 | 62.00 | OK | |||
r-oldrel-macos-x86_64 | 1.5-10 | 139.00 | OK | |||
r-oldrel-windows-x86_64 | 1.5-10 | 27.00 | 135.00 | 162.00 | OK |
Version: 1.5-10
Check: Rd cross-references
Result: NOTE
Found the following Rd file(s) with Rd \link{} targets missing package
anchors:
kdfun.Rd: divc
krfun.Rd: divc
Please provide package anchors for all Rd \link{} targets not in the
package itself and the base packages.
Flavors: r-devel-linux-x86_64-debian-clang, r-devel-linux-x86_64-debian-gcc, r-devel-windows-x86_64