CRAN Package Check Results for Package afc

Last updated on 2024-07-24 00:53:44 CEST.

Flavor Version Tinstall Tcheck Ttotal Status Flags
r-devel-linux-x86_64-debian-clang 1.4.0 3.28 30.74 34.02 NOTE
r-devel-linux-x86_64-debian-gcc 1.4.0 2.31 23.76 26.07 NOTE
r-devel-linux-x86_64-fedora-clang 1.4.0 43.27 NOTE
r-devel-linux-x86_64-fedora-gcc 1.4.0 40.91 NOTE
r-devel-windows-x86_64 1.4.0 3.00 49.00 52.00 NOTE
r-patched-linux-x86_64 1.4.0 3.74 30.67 34.41 NOTE
r-release-linux-x86_64 1.4.0 2.97 30.76 33.73 NOTE
r-release-macos-arm64 1.4.0 18.00 NOTE
r-release-macos-x86_64 1.4.0 27.00 NOTE
r-release-windows-x86_64 1.4.0 4.00 46.00 50.00 NOTE
r-oldrel-macos-arm64 1.4.0 19.00 NOTE
r-oldrel-macos-x86_64 1.4.0 24.00 NOTE
r-oldrel-windows-x86_64 1.4.0 3.00 49.00 52.00 NOTE

Check Details

Version: 1.4.0
Check: Rd files
Result: NOTE checkRd: (-1) afc.Rd:56: Lost braces; missing escapes or markup? 56 | {0,1})\cr \emph{fcst}: vector of same length as \emph{obsv} with dichotomous | ^ checkRd: (-1) afc.Rd:57: Lost braces; missing escapes or markup? 57 | forecasts (values in {0,1}) \cr | ^ checkRd: (-1) afc.Rd:60: Lost braces; missing escapes or markup? 60 | {0,1})\cr \emph{fcst}: vector of same length as \emph{obsv} with | ^ checkRd: (-1) afc.Rd:61: Lost braces; missing escapes or markup? 61 | polychotomous forecasts (values in {1,..,m}) \cr | ^ checkRd: (-1) afc.Rd:64: Lost braces; missing escapes or markup? 64 | {0,1})\cr \emph{fcst}: vector of same length as \emph{obsv} with forecast | ^ checkRd: (-1) afc.Rd:68: Lost braces; missing escapes or markup? 68 | {0,1})\cr \emph{fcst}: vector of same length as \emph{obsv} with real-valued | ^ checkRd: (-1) afc.Rd:72: Lost braces; missing escapes or markup? 72 | {0,1})\cr \emph{fcst}: two-dimensional array with ensemble forecasts; | ^ checkRd: (-1) afc.Rd:76: Lost braces; missing escapes or markup? 76 | in {1,..,m})\cr \emph{fcst}: vector of same length as \emph{obsv} with | ^ checkRd: (-1) afc.Rd:77: Lost braces; missing escapes or markup? 77 | polychotomous forecasts (values in {1,..,m2}) \cr | ^ checkRd: (-1) afc.Rd:80: Lost braces; missing escapes or markup? 80 | in {1,..,m})\cr \emph{fcst}: two-dimensional array with forecast | ^ checkRd: (-1) afc.Rd:85: Lost braces; missing escapes or markup? 85 | in {1,..,m})\cr \emph{fcst}: vector of same length as \emph{obsv} with | ^ checkRd: (-1) afc.Rd:89: Lost braces; missing escapes or markup? 89 | in {1,..,m})\cr \emph{fcst}: two-dimensional array with ensemble forecasts; | ^ checkRd: (-1) afc.Rd:93: Lost braces; missing escapes or markup? 93 | in {1,..,m})\cr \emph{fcst}: vector of same length as \emph{obsv} with | ^ checkRd: (-1) afc.Rd:94: Lost braces; missing escapes or markup? 94 | polychotomous forecasts (values in {1,..,m}) \cr | ^ checkRd: (-1) afc.dc.Rd:10: Lost braces; missing escapes or markup? 10 | \item{obsv}{vector with dichotomous observations (values in {0,1})} | ^ checkRd: (-1) afc.dd.Rd:10: Lost braces; missing escapes or markup? 10 | \item{obsv}{vector with dichotomous observations (values in {0,1})} | ^ checkRd: (-1) afc.dd.Rd:13: Lost braces; missing escapes or markup? 13 | (values in {0,1})} | ^ checkRd: (-1) afc.de.Rd:10: Lost braces; missing escapes or markup? 10 | \item{obsv}{vector with dichotomous observations (values in {0,1})} | ^ checkRd: (-1) afc.dm.Rd:10: Lost braces; missing escapes or markup? 10 | \item{obsv}{vector with dichotomous observations (values in {0,1})} | ^ checkRd: (-1) afc.dm.Rd:13: Lost braces; missing escapes or markup? 13 | forecasts (values in {1,..,m})} | ^ checkRd: (-1) afc.dp.Rd:10: Lost braces; missing escapes or markup? 10 | \item{obsv}{vector with dichotomous observations (values in {0,1})} | ^ checkRd: (-1) afc.mc.Rd:10: Lost braces; missing escapes or markup? 10 | \item{obsv}{vector with polychotomous observations (values in {1,..,m})} | ^ checkRd: (-1) afc.me.Rd:10: Lost braces; missing escapes or markup? 10 | \item{obsv}{vector with polychotomous observations (values in {1,..,m})} | ^ checkRd: (-1) afc.mm.Rd:11: Lost braces; missing escapes or markup? 11 | \item{obsv}{vector with polychotomous observations (values in {1,..,mv})} | ^ checkRd: (-1) afc.mm.Rd:14: Lost braces; missing escapes or markup? 14 | forecasts (values in {1,..,mf})} | ^ checkRd: (-1) afc.mp.Rd:10: Lost braces; missing escapes or markup? 10 | \item{obsv}{vector with polychotomous observations (values in {1,..,m})} | ^ checkRd: (-1) afc.nn.Rd:11: Lost braces; missing escapes or markup? 11 | \item{obsv}{vector with polychotomous observations (values in {1,..,m})} | ^ checkRd: (-1) afc.nn.Rd:14: Lost braces; missing escapes or markup? 14 | forecasts (values in {1,..,m})} | ^ checkRd: (-1) afc.np.Rd:10: Lost braces; missing escapes or markup? 10 | \item{obsv}{vector with dichotomous observations (values in {0,1})} | ^ checkRd: (-1) cnrm.nino34.cc.Rd:7: Escaped LaTeX specials: \$ checkRd: (-1) cnrm.nino34.cc.Rd:8: Escaped LaTeX specials: \$ checkRd: (-1) cnrm.nino34.cc.Rd:9: Escaped LaTeX specials: \$ checkRd: (-1) cnrm.nino34.ce.Rd:7: Escaped LaTeX specials: \$ checkRd: (-1) cnrm.nino34.ce.Rd:8: Escaped LaTeX specials: \$ checkRd: (-1) cnrm.nino34.ce.Rd:9: Escaped LaTeX specials: \$ checkRd: (-1) cnrm.nino34.dc.Rd:7: Escaped LaTeX specials: \$ checkRd: (-1) cnrm.nino34.dc.Rd:8: Escaped LaTeX specials: \$ checkRd: (-1) cnrm.nino34.dc.Rd:9: Escaped LaTeX specials: \$ checkRd: (-1) cnrm.nino34.dd.Rd:7: Escaped LaTeX specials: \$ checkRd: (-1) cnrm.nino34.dd.Rd:8: Escaped LaTeX specials: \$ checkRd: (-1) cnrm.nino34.dd.Rd:9: Escaped LaTeX specials: \$ checkRd: (-1) cnrm.nino34.de.Rd:7: Escaped LaTeX specials: \$ checkRd: (-1) cnrm.nino34.de.Rd:8: Escaped LaTeX specials: \$ checkRd: (-1) cnrm.nino34.de.Rd:9: Escaped LaTeX specials: \$ checkRd: (-1) cnrm.nino34.dm.Rd:7: Escaped LaTeX specials: \$ checkRd: (-1) cnrm.nino34.dm.Rd:8: Escaped LaTeX specials: \$ checkRd: (-1) cnrm.nino34.dm.Rd:9: Escaped LaTeX specials: \$ checkRd: (-1) cnrm.nino34.dp.Rd:7: Escaped LaTeX specials: \$ checkRd: (-1) cnrm.nino34.dp.Rd:8: Escaped LaTeX specials: \$ checkRd: (-1) cnrm.nino34.dp.Rd:9: Escaped LaTeX specials: \$ checkRd: (-1) cnrm.nino34.mc.Rd:7: Escaped LaTeX specials: \$ checkRd: (-1) cnrm.nino34.mc.Rd:8: Escaped LaTeX specials: \$ checkRd: (-1) cnrm.nino34.mc.Rd:9: Escaped LaTeX specials: \$ checkRd: (-1) cnrm.nino34.me.Rd:7: Escaped LaTeX specials: \$ checkRd: (-1) cnrm.nino34.me.Rd:8: Escaped LaTeX specials: \$ checkRd: (-1) cnrm.nino34.me.Rd:9: Escaped LaTeX specials: \$ checkRd: (-1) cnrm.nino34.mm.Rd:7: Escaped LaTeX specials: \$ checkRd: (-1) cnrm.nino34.mm.Rd:8: Escaped LaTeX specials: \$ checkRd: (-1) cnrm.nino34.mm.Rd:9: Escaped LaTeX specials: \$ checkRd: (-1) cnrm.nino34.mp.Rd:7: Escaped LaTeX specials: \$ checkRd: (-1) cnrm.nino34.mp.Rd:8: Escaped LaTeX specials: \$ checkRd: (-1) cnrm.nino34.mp.Rd:9: Escaped LaTeX specials: \$ Flavors: r-devel-linux-x86_64-debian-clang, r-devel-linux-x86_64-debian-gcc, r-devel-linux-x86_64-fedora-clang, r-devel-linux-x86_64-fedora-gcc, r-devel-windows-x86_64, r-patched-linux-x86_64, r-release-linux-x86_64, r-release-macos-arm64, r-release-macos-x86_64, r-release-windows-x86_64

Version: 1.4.0
Check: Rd files
Result: NOTE checkRd: (-1) cnrm.nino34.cc.Rd:7: Escaped LaTeX specials: \$ checkRd: (-1) cnrm.nino34.cc.Rd:8: Escaped LaTeX specials: \$ checkRd: (-1) cnrm.nino34.cc.Rd:9: Escaped LaTeX specials: \$ checkRd: (-1) cnrm.nino34.ce.Rd:7: Escaped LaTeX specials: \$ checkRd: (-1) cnrm.nino34.ce.Rd:8: Escaped LaTeX specials: \$ checkRd: (-1) cnrm.nino34.ce.Rd:9: Escaped LaTeX specials: \$ checkRd: (-1) cnrm.nino34.dc.Rd:7: Escaped LaTeX specials: \$ checkRd: (-1) cnrm.nino34.dc.Rd:8: Escaped LaTeX specials: \$ checkRd: (-1) cnrm.nino34.dc.Rd:9: Escaped LaTeX specials: \$ checkRd: (-1) cnrm.nino34.dd.Rd:7: Escaped LaTeX specials: \$ checkRd: (-1) cnrm.nino34.dd.Rd:8: Escaped LaTeX specials: \$ checkRd: (-1) cnrm.nino34.dd.Rd:9: Escaped LaTeX specials: \$ checkRd: (-1) cnrm.nino34.de.Rd:7: Escaped LaTeX specials: \$ checkRd: (-1) cnrm.nino34.de.Rd:8: Escaped LaTeX specials: \$ checkRd: (-1) cnrm.nino34.de.Rd:9: Escaped LaTeX specials: \$ checkRd: (-1) cnrm.nino34.dm.Rd:7: Escaped LaTeX specials: \$ checkRd: (-1) cnrm.nino34.dm.Rd:8: Escaped LaTeX specials: \$ checkRd: (-1) cnrm.nino34.dm.Rd:9: Escaped LaTeX specials: \$ checkRd: (-1) cnrm.nino34.dp.Rd:7: Escaped LaTeX specials: \$ checkRd: (-1) cnrm.nino34.dp.Rd:8: Escaped LaTeX specials: \$ checkRd: (-1) cnrm.nino34.dp.Rd:9: Escaped LaTeX specials: \$ checkRd: (-1) cnrm.nino34.mc.Rd:7: Escaped LaTeX specials: \$ checkRd: (-1) cnrm.nino34.mc.Rd:8: Escaped LaTeX specials: \$ checkRd: (-1) cnrm.nino34.mc.Rd:9: Escaped LaTeX specials: \$ checkRd: (-1) cnrm.nino34.me.Rd:7: Escaped LaTeX specials: \$ checkRd: (-1) cnrm.nino34.me.Rd:8: Escaped LaTeX specials: \$ checkRd: (-1) cnrm.nino34.me.Rd:9: Escaped LaTeX specials: \$ checkRd: (-1) cnrm.nino34.mm.Rd:7: Escaped LaTeX specials: \$ checkRd: (-1) cnrm.nino34.mm.Rd:8: Escaped LaTeX specials: \$ checkRd: (-1) cnrm.nino34.mm.Rd:9: Escaped LaTeX specials: \$ checkRd: (-1) cnrm.nino34.mp.Rd:7: Escaped LaTeX specials: \$ checkRd: (-1) cnrm.nino34.mp.Rd:8: Escaped LaTeX specials: \$ checkRd: (-1) cnrm.nino34.mp.Rd:9: Escaped LaTeX specials: \$ Flavors: r-oldrel-macos-arm64, r-oldrel-macos-x86_64, r-oldrel-windows-x86_64