CRAN Package Check Results for Package afdx

Last updated on 2023-06-02 01:00:19 CEST.

Flavor Version Tinstall Tcheck Ttotal Status Flags
r-devel-linux-x86_64-debian-clang 1.1.1 6.14 72.33 78.47 NOTE
r-devel-linux-x86_64-debian-gcc 1.1.1 3.93 55.27 59.20 NOTE
r-devel-linux-x86_64-fedora-clang 1.1.1 98.58 NOTE
r-devel-linux-x86_64-fedora-gcc 1.1.1 118.85 NOTE
r-devel-windows-x86_64 1.1.1 8.00 82.00 90.00 NOTE
r-patched-linux-x86_64 1.1.1 NOTE
r-release-linux-x86_64 1.1.1 6.11 67.28 73.39 NOTE
r-release-macos-arm64 1.1.1 41.00 NOTE
r-release-macos-x86_64 1.1.1 63.00 NOTE
r-release-windows-x86_64 1.1.1 8.00 91.00 99.00 NOTE
r-oldrel-macos-arm64 1.1.1 34.00 OK
r-oldrel-macos-x86_64 1.1.1 66.00 NOTE
r-oldrel-windows-x86_64 1.1.1 8.00 94.00 102.00 OK

Check Details

Version: 1.1.1
Check: package subdirectories
Result: NOTE
    Problems with news in ‘NEWS.md’:
    No news entries found.
Flavors: r-devel-linux-x86_64-debian-clang, r-devel-linux-x86_64-debian-gcc, r-devel-linux-x86_64-fedora-clang, r-devel-linux-x86_64-fedora-gcc, r-devel-windows-x86_64, r-patched-linux-x86_64, r-release-linux-x86_64, r-release-macos-arm64, r-release-macos-x86_64, r-release-windows-x86_64

Version: 1.1.1
Check: package dependencies
Result: NOTE
    Package suggested but not available for checking: ‘rjags’
Flavor: r-oldrel-macos-x86_64