CRAN Package Check Results for Package aggutils

Last updated on 2024-07-24 00:53:44 CEST.

Flavor Version Tinstall Tcheck Ttotal Status Flags
r-devel-linux-x86_64-debian-clang 1.0.2 3.15 21.82 24.97 OK
r-devel-linux-x86_64-debian-gcc 1.0.2 2.28 17.39 19.67 OK
r-devel-linux-x86_64-fedora-clang 1.0.2 31.88 NOTE
r-devel-linux-x86_64-fedora-gcc 1.0.2 30.17 NOTE
r-devel-windows-x86_64 1.0.2 5.00 39.00 44.00 OK
r-patched-linux-x86_64 1.0.2 2.18 21.51 23.69 OK
r-release-linux-x86_64 1.0.2 2.20 21.96 24.16 OK
r-release-macos-arm64 1.0.2 16.00 OK
r-release-macos-x86_64 1.0.2 21.00 OK
r-release-windows-x86_64 1.0.2 4.00 39.00 43.00 OK
r-oldrel-macos-arm64 1.0.2 20.00 OK
r-oldrel-macos-x86_64 1.0.2 27.00 OK
r-oldrel-windows-x86_64 1.0.2 5.00 41.00 46.00 OK

Check Details

Version: 1.0.2
Check: dependencies in R code
Result: NOTE Namespace in Imports field not imported from: ‘docstring’ All declared Imports should be used. Flavors: r-devel-linux-x86_64-fedora-clang, r-devel-linux-x86_64-fedora-gcc