Last updated on 2023-04-01 00:52:52 CEST.
Flavor | Version | Tinstall | Tcheck | Ttotal | Status | Flags |
---|---|---|---|---|---|---|
r-devel-linux-x86_64-debian-clang | 1.3-5 | 21.05 | 185.39 | 206.44 | NOTE | |
r-devel-linux-x86_64-debian-gcc | 1.3-5 | 15.54 | 135.54 | 151.08 | NOTE | |
r-devel-linux-x86_64-fedora-clang | 1.3-5 | 252.79 | NOTE | |||
r-devel-linux-x86_64-fedora-gcc | 1.3-5 | 249.91 | NOTE | |||
r-devel-windows-x86_64 | 1.3-5 | 79.00 | 0.00 | 79.00 | NOTE | |
r-patched-linux-x86_64 | 1.3-5 | 26.13 | 172.48 | 198.61 | NOTE | |
r-release-linux-x86_64 | 1.3-5 | 17.31 | 169.64 | 186.95 | OK | |
r-release-macos-arm64 | 1.3-5 | 70.00 | OK | |||
r-release-macos-x86_64 | 1.3-5 | 121.00 | OK | |||
r-release-windows-x86_64 | 1.3-5 | 95.00 | 255.00 | 350.00 | OK | |
r-oldrel-macos-arm64 | 1.3-5 | 80.00 | OK | |||
r-oldrel-macos-x86_64 | 1.3-5 | 116.00 | OK | |||
r-oldrel-windows-ix86+x86_64 | 1.3-5 | 39.00 | 213.00 | 252.00 | OK |
Version: 1.3-5
Check: Rd \usage sections
Result: NOTE
S3 methods shown with full name in documentation object ‘intervals.freq’:
‘intervals.freq’
The \usage entries for S3 methods should use the \method markup and not
their full name.
See chapter ‘Writing R documentation files’ in the ‘Writing R
Extensions’ manual.
Flavors: r-devel-linux-x86_64-debian-clang, r-devel-linux-x86_64-debian-gcc, r-devel-linux-x86_64-fedora-clang, r-devel-linux-x86_64-fedora-gcc, r-devel-windows-x86_64, r-patched-linux-x86_64