Last updated on 2025-01-17 00:49:00 CET.
Flavor | Version | Tinstall | Tcheck | Ttotal | Status | Flags |
---|---|---|---|---|---|---|
r-devel-linux-x86_64-debian-clang | 0.4.1 | 4.69 | 50.27 | 54.96 | OK | |
r-devel-linux-x86_64-debian-gcc | 0.4.1 | 3.74 | 34.53 | 38.27 | OK | |
r-devel-linux-x86_64-fedora-clang | 0.4.1 | 92.42 | NOTE | |||
r-devel-linux-x86_64-fedora-gcc | 0.4.1 | 159.41 | NOTE | |||
r-devel-windows-x86_64 | 0.4.1 | 8.00 | 68.00 | 76.00 | OK | |
r-patched-linux-x86_64 | 0.4.1 | 4.71 | 45.90 | 50.61 | OK | |
r-release-linux-x86_64 | 0.4.1 | 4.42 | 46.39 | 50.81 | OK | |
r-release-macos-arm64 | 0.4.1 | 45.00 | OK | |||
r-release-macos-x86_64 | 0.4.1 | 73.00 | OK | |||
r-release-windows-x86_64 | 0.4.1 | 7.00 | 63.00 | 70.00 | OK | |
r-oldrel-macos-arm64 | 0.4.1 | 48.00 | OK | |||
r-oldrel-macos-x86_64 | 0.4.1 | 87.00 | OK | |||
r-oldrel-windows-x86_64 | 0.4.1 | 9.00 | 76.00 | 85.00 | OK |
Version: 0.4.1
Check: dependencies in R code
Result: NOTE
Namespaces in Imports field not imported from:
‘knitr’ ‘randomNames’ ‘tidyr’
All declared Imports should be used.
Flavors: r-devel-linux-x86_64-fedora-clang, r-devel-linux-x86_64-fedora-gcc