CRAN Package Check Results for Package aion

Last updated on 2024-03-03 01:00:36 CET.

Flavor Version Tinstall Tcheck Ttotal Status Flags
r-devel-linux-x86_64-debian-clang 1.0.2 7.67 60.14 67.81 OK
r-devel-linux-x86_64-debian-gcc 1.0.2 5.28 45.86 51.14 OK
r-devel-linux-x86_64-fedora-clang 1.0.2 81.24 NOTE
r-devel-linux-x86_64-fedora-gcc 1.0.2 98.51 OK
r-devel-windows-x86_64 1.0.2 6.00 76.00 82.00 OK
r-patched-linux-x86_64 1.0.2 8.37 58.67 67.04 OK
r-release-linux-x86_64 1.0.2 6.56 58.38 64.94 OK
r-release-macos-arm64 1.0.2 46.00 OK
r-release-macos-x86_64 1.0.2 85.00 OK
r-release-windows-x86_64 1.0.2 9.00 84.00 93.00 OK
r-oldrel-macos-arm64 1.0.2 36.00 OK
r-oldrel-windows-x86_64 1.0.2 12.00 72.00 84.00 OK

Check Details

Version: 1.0.2
Check: Rd cross-references
Result: NOTE Undeclared package ‘era’ in Rd xrefs Flavor: r-devel-linux-x86_64-fedora-clang