CRAN Package Check Results for Package airGRdatassim

Last updated on 2024-07-14 00:55:17 CEST.

Flavor Version Tinstall Tcheck Ttotal Status Flags
r-devel-linux-x86_64-debian-clang 0.1.3 2.55 138.20 140.75 NOTE
r-devel-linux-x86_64-debian-gcc 0.1.3 2.62 104.96 107.58 NOTE
r-devel-linux-x86_64-fedora-clang 0.1.3 172.76 NOTE
r-devel-linux-x86_64-fedora-gcc 0.1.3 179.24 NOTE
r-devel-windows-x86_64 0.1.3 4.00 123.00 127.00 NOTE
r-patched-linux-x86_64 0.1.3 5.37 136.96 142.33 NOTE
r-release-linux-x86_64 0.1.3 3.10 136.91 140.01 NOTE
r-release-macos-arm64 0.1.3 58.00 NOTE
r-release-macos-x86_64 0.1.3 90.00 NOTE
r-release-windows-x86_64 0.1.3 4.00 123.00 127.00 NOTE
r-oldrel-macos-arm64 0.1.3 62.00 OK
r-oldrel-macos-x86_64 0.1.3 104.00 OK
r-oldrel-windows-x86_64 0.1.3 4.00 158.00 162.00 OK

Check Details

Version: 0.1.3
Check: Rd files
Result: NOTE checkRd: (-1) CreateInputsPert.Rd:65: Lost braces 65 | \emph{InputsPert}{[list] object of class \emph{InputsModel} containing the ensembles of perturbed model inputs required to perform data assimilation:} | ^ Flavors: r-devel-linux-x86_64-debian-clang, r-devel-linux-x86_64-debian-gcc, r-devel-linux-x86_64-fedora-clang, r-devel-linux-x86_64-fedora-gcc, r-devel-windows-x86_64, r-patched-linux-x86_64, r-release-linux-x86_64, r-release-macos-arm64, r-release-macos-x86_64, r-release-windows-x86_64

Version: 0.1.3
Check: Rd cross-references
Result: NOTE Found the following Rd file(s) with Rd \link{} targets missing package anchors: airGRdatassim.Rd: CreateCalibOptions Please provide package anchors for all Rd \link{} targets not in the package itself and the base packages. Flavor: r-devel-windows-x86_64