Last updated on 2023-03-30 00:51:47 CEST.
Flavor | Version | Tinstall | Tcheck | Ttotal | Status | Flags |
---|---|---|---|---|---|---|
r-devel-linux-x86_64-debian-clang | 0.8.2 | 8.68 | 76.34 | 85.02 | OK | |
r-devel-linux-x86_64-debian-gcc | 0.8.2 | 7.34 | 57.80 | 65.14 | OK | |
r-devel-linux-x86_64-fedora-clang | 0.8.2 | 106.57 | NOTE | |||
r-devel-linux-x86_64-fedora-gcc | 0.8.2 | 100.84 | NOTE | |||
r-devel-windows-x86_64 | 0.8.2 | 41.00 | 108.00 | 149.00 | OK | |
r-patched-linux-x86_64 | 0.8.2 | 9.72 | 71.94 | 81.66 | OK | |
r-release-linux-x86_64 | 0.8.2 | 9.75 | 72.46 | 82.21 | OK | |
r-release-macos-arm64 | 0.8.2 | 34.00 | NOTE | |||
r-release-macos-x86_64 | 0.8.2 | 63.00 | NOTE | |||
r-release-windows-x86_64 | 0.8.2 | 36.00 | 109.00 | 145.00 | OK | |
r-oldrel-macos-arm64 | 0.8.2 | 43.00 | NOTE | |||
r-oldrel-macos-x86_64 | 0.8.2 | 56.00 | NOTE | |||
r-oldrel-windows-ix86+x86_64 | 0.8.2 | 21.00 | 105.00 | 126.00 | OK |
Version: 0.8.2
Check: data for non-ASCII characters
Result: NOTE
Note: found 53 marked UTF-8 strings
Flavors: r-devel-linux-x86_64-fedora-clang, r-devel-linux-x86_64-fedora-gcc, r-release-macos-arm64, r-release-macos-x86_64, r-oldrel-macos-arm64, r-oldrel-macos-x86_64