CRAN Package Check Results for Package alfr

Last updated on 2024-07-24 00:53:44 CEST.

Flavor Version Tinstall Tcheck Ttotal Status Flags
r-devel-linux-x86_64-debian-clang 1.2.1 3.79 39.41 43.20 NOTE
r-devel-linux-x86_64-debian-gcc 1.2.1 2.54 31.02 33.56 NOTE
r-devel-linux-x86_64-fedora-clang 1.2.1 57.11 NOTE
r-devel-linux-x86_64-fedora-gcc 1.2.1 65.93 NOTE
r-devel-windows-x86_64 1.2.1 4.00 67.00 71.00 NOTE
r-patched-linux-x86_64 1.2.1 3.36 38.94 42.30 NOTE
r-release-linux-x86_64 1.2.1 3.42 37.43 40.85 NOTE
r-release-macos-arm64 1.2.1 27.00 NOTE
r-release-macos-x86_64 1.2.1 37.00 NOTE
r-release-windows-x86_64 1.2.1 4.00 66.00 70.00 NOTE
r-oldrel-macos-arm64 1.2.1 27.00 NOTE
r-oldrel-macos-x86_64 1.2.1 49.00 NOTE
r-oldrel-windows-x86_64 1.2.1 5.00 71.00 76.00 NOTE

Check Details

Version: 1.2.1
Check: LazyData
Result: NOTE 'LazyData' is specified without a 'data' directory Flavors: r-devel-linux-x86_64-debian-clang, r-devel-linux-x86_64-debian-gcc, r-devel-linux-x86_64-fedora-clang, r-devel-linux-x86_64-fedora-gcc, r-devel-windows-x86_64, r-patched-linux-x86_64, r-release-linux-x86_64, r-release-macos-arm64, r-release-macos-x86_64, r-release-windows-x86_64, r-oldrel-macos-arm64, r-oldrel-macos-x86_64, r-oldrel-windows-x86_64