CRAN Package Check Results for Package algo

Last updated on 2024-07-17 00:48:12 CEST.

Flavor Version Tinstall Tcheck Ttotal Status Flags
r-devel-linux-x86_64-debian-clang 0.1.0 1.31 24.60 25.91 NOTE
r-devel-linux-x86_64-debian-gcc 0.1.0 1.69 19.12 20.81 NOTE
r-devel-linux-x86_64-fedora-clang 0.1.0 34.89 NOTE
r-devel-linux-x86_64-fedora-gcc 0.1.0 45.20 NOTE
r-devel-windows-x86_64 0.1.0 3.00 41.00 44.00 NOTE
r-patched-linux-x86_64 0.1.0 1.36 23.78 25.14 NOTE
r-release-linux-x86_64 0.1.0 2.08 23.20 25.28 NOTE
r-release-macos-arm64 0.1.0 20.00 NOTE
r-release-macos-x86_64 0.1.0 32.00 NOTE
r-release-windows-x86_64 0.1.0 3.00 40.00 43.00 NOTE
r-oldrel-macos-arm64 0.1.0 22.00 NOTE
r-oldrel-macos-x86_64 0.1.0 29.00 NOTE
r-oldrel-windows-x86_64 0.1.0 3.00 41.00 44.00 NOTE

Check Details

Version: 0.1.0
Check: LazyData
Result: NOTE 'LazyData' is specified without a 'data' directory Flavors: r-devel-linux-x86_64-debian-clang, r-devel-linux-x86_64-debian-gcc, r-devel-linux-x86_64-fedora-clang, r-devel-linux-x86_64-fedora-gcc, r-devel-windows-x86_64, r-patched-linux-x86_64, r-release-linux-x86_64, r-release-macos-arm64, r-release-macos-x86_64, r-release-windows-x86_64, r-oldrel-macos-arm64, r-oldrel-macos-x86_64, r-oldrel-windows-x86_64