CRAN Package Check Results for Package allcontributors

Last updated on 2021-09-28 00:48:15 CEST.

Flavor Version Tinstall Tcheck Ttotal Status Flags
r-devel-linux-x86_64-debian-clang 0.0.2 2.82 31.04 33.86 NOTE
r-devel-linux-x86_64-debian-gcc 0.0.2 2.25 24.22 26.47 NOTE
r-devel-linux-x86_64-fedora-clang 0.0.2 49.58 NOTE
r-devel-linux-x86_64-fedora-gcc 0.0.2 39.12 NOTE
r-devel-windows-x86_64 0.0.2 5.00 47.00 52.00 NOTE
r-devel-windows-x86_64-gcc10-UCRT 0.0.2 NOTE
r-patched-linux-x86_64 0.0.2 2.49 30.01 32.50 NOTE
r-patched-solaris-x86 0.0.2 55.30 NOTE
r-release-linux-x86_64 0.0.2 2.89 29.83 32.72 NOTE
r-release-macos-arm64 0.0.2 NOTE
r-release-macos-x86_64 0.0.2 NOTE
r-release-windows-ix86+x86_64 0.0.2 6.00 55.00 61.00 NOTE
r-oldrel-macos-x86_64 0.0.2 OK
r-oldrel-windows-ix86+x86_64 0.0.2 4.00 43.00 47.00 OK

Check Details

Version: 0.0.2
Check: LazyData
Result: NOTE
     'LazyData' is specified without a 'data' directory
Flavors: r-devel-linux-x86_64-debian-clang, r-devel-linux-x86_64-debian-gcc, r-devel-linux-x86_64-fedora-clang, r-devel-linux-x86_64-fedora-gcc, r-devel-windows-x86_64, r-devel-windows-x86_64-gcc10-UCRT, r-patched-linux-x86_64, r-patched-solaris-x86, r-release-linux-x86_64, r-release-macos-arm64, r-release-macos-x86_64, r-release-windows-ix86+x86_64