CRAN Package Check Results for Package alone

Last updated on 2024-07-14 00:55:17 CEST.

Flavor Version Tinstall Tcheck Ttotal Status Flags
r-devel-linux-x86_64-debian-clang 0.4 1.84 24.08 25.92 OK
r-devel-linux-x86_64-debian-gcc 0.4 1.35 19.06 20.41 OK
r-devel-linux-x86_64-fedora-clang 0.4 33.64 NOTE
r-devel-linux-x86_64-fedora-gcc 0.4 31.57 NOTE
r-devel-windows-x86_64 0.4 2.00 41.00 43.00 OK
r-patched-linux-x86_64 0.4 2.03 23.21 25.24 OK
r-release-linux-x86_64 0.4 1.88 23.11 24.99 OK
r-release-macos-arm64 0.4 27.00 OK
r-release-macos-x86_64 0.4 53.00 OK
r-release-windows-x86_64 0.4 2.00 41.00 43.00 OK
r-oldrel-macos-arm64 0.4 30.00 OK
r-oldrel-macos-x86_64 0.4 48.00 OK
r-oldrel-windows-x86_64 0.4 2.00 43.00 45.00 OK

Check Details

Version: 0.4
Check: data for non-ASCII characters
Result: NOTE Note: found 115 marked UTF-8 strings Flavors: r-devel-linux-x86_64-fedora-clang, r-devel-linux-x86_64-fedora-gcc