CRAN Package Check Results for Package alphahull

Last updated on 2021-11-28 00:48:40 CET.

Flavor Version Tinstall Tcheck Ttotal Status Flags
r-devel-linux-x86_64-debian-clang 2.2 NOTE
r-devel-linux-x86_64-debian-gcc 2.2 11.80 93.28 105.08 NOTE
r-devel-linux-x86_64-fedora-clang 2.2 176.70 NOTE
r-devel-linux-x86_64-fedora-gcc 2.2 179.13 NOTE
r-devel-windows-x86_64-new-UL 2.2 34.00 201.00 235.00 NOTE
r-devel-windows-x86_64-new-TK 2.2 NOTE
r-devel-windows-x86_64-old 2.2 22.00 165.00 187.00 NOTE
r-patched-linux-x86_64 2.2 15.30 113.26 128.56 NOTE
r-patched-solaris-x86 2.2 230.30 NOTE
r-release-linux-x86_64 2.2 NOTE
r-release-macos-arm64 2.2 NOTE
r-release-macos-x86_64 2.2 NOTE
r-release-windows-ix86+x86_64 2.2 37.00 142.00 179.00 NOTE
r-oldrel-macos-x86_64 2.2 OK
r-oldrel-windows-ix86+x86_64 2.2 42.00 200.00 242.00 NOTE

Check Details

Version: 2.2
Check: R code for possible problems
Result: NOTE
    ahull_track: no visible global function definition for 'psp'
    ahull_track: no visible global function definition for 'owin'
    ahull_track: no visible global function definition for
     'runifpointOnLines'
    dw_track: no visible global function definition for 'psp'
    dw_track: no visible global function definition for 'owin'
    dw_track: no visible global function definition for 'runifpointOnLines'
    Undefined global functions or variables:
     owin psp runifpointOnLines
Flavors: r-devel-linux-x86_64-debian-clang, r-devel-linux-x86_64-debian-gcc, r-devel-linux-x86_64-fedora-clang, r-devel-linux-x86_64-fedora-gcc, r-devel-windows-x86_64-new-UL, r-devel-windows-x86_64-new-TK, r-devel-windows-x86_64-old, r-patched-linux-x86_64, r-patched-solaris-x86, r-release-linux-x86_64, r-release-macos-arm64, r-release-macos-x86_64, r-release-windows-ix86+x86_64, r-oldrel-windows-ix86+x86_64